{"id":800,"date":"2022-08-19T00:45:07","date_gmt":"2022-08-19T00:45:07","guid":{"rendered":"https:\/\/www.acofi.edu.co\/eiei2022\/?page_id=800"},"modified":"2022-09-02T19:12:05","modified_gmt":"2022-09-02T19:12:05","slug":"agua-potable-y-saneamiento-basico","status":"publish","type":"page","link":"https:\/\/www.acofi.edu.co\/eiei2022\/jornada-avances-en-investigacion\/agua-potable-y-saneamiento-basico\/","title":{"rendered":"Agua potable y saneamiento b\u00e1sico"},"content":{"rendered":"\n<h3 class=\"wp-block-heading\"><strong>Descripci\u00f3n<\/strong><\/h3>\n\n\n\n<p>En esta jornada se presentar\u00e1n Soluciones y propuestas de ingenier\u00eda que garanticen:<\/p>\n\n\n\n<ul class=\"wp-block-list\"><li>El correcto acceso y uso del recurso h\u00eddrico.<\/li><li>La eliminaci\u00f3n adecuada de residuos y aguas residuales.<\/li><\/ul>\n\n\n\n<p>De la misma manera, directivos, profesores de Ingenier\u00eda Civil e invitados, analizar\u00e1n algunas tendencias en la profesi\u00f3n.<\/p>\n\n\n\n<h3 class=\"wp-block-heading\"><strong>Motivaci\u00f3n<\/strong><\/h3>\n\n\n\n<p>Sobre Agua potable y saneamiento b\u00e1sico:<br><br>\u2026 hace falta un 1% del PIB mundial para garantizar la disponibilidad de agua y saneamiento para todos. Lo m\u00e1s caro es paliar la escasez, seg\u00fan el an\u00e1lisis de la organizaci\u00f3n World Resources Institute, pues se prev\u00e9 que en el a\u00f1o 2030 la demanda sobrepase en 2.680 kil\u00f3metros c\u00fabicos las posibilidades planetarias.<br><br>Un informe publicado por el World Resources Institute (WRI) concluye que solucionar el problema mundial del agua, que incluye la escasez, el desigual acceso a agua potable y la contaminaci\u00f3n, solamente requiere una inversi\u00f3n anual de 1,04 billones de d\u00f3lares americanos hasta 2030 (que, por persona, ser\u00edan 29 centavos cada d\u00eda).<br><br>Con esa suma, inferior al 1% del PIB global, el mundo podr\u00eda llegar a cumplir a tiempo el ODS6 (el Objetivo de Desarrollo Sostenible de Naciones Unidas que busca tener en 2030 agua limpia y saneamiento para todos y una gesti\u00f3n sostenible de los recursos), aseguran desde el WRI.<br><br>Del total, que incluye asegurar el acceso universal, revertir la contaminaci\u00f3n y garantizar el funcionamiento de los ecosistemas, lo m\u00e1s caro es acabar con la escasez, pues se prev\u00e9 que en el a\u00f1o 2030 la demanda sobrepase, con mucho, la capacidad de suministro. En concreto, el WRI augura que en 2030 la poblaci\u00f3n mundial requerir\u00e1 2.680 kil\u00f3metros c\u00fabicos por encima de las posibilidades planetarias.<a id=\"_ftnref1\" href=\"#_ftn1\">[1]<\/a><br><br>En este mismo sentido, tambi\u00e9n se expresa:<br><br>El riesgo del agua es un riesgo sist\u00e9mico y material que est\u00e1 causando importantes costes econ\u00f3micos y sociales en estos momentos, desde las interrupciones de la cadena de suministro desencadenadas por las inundaciones y sequ\u00edas provocadas por el clima, hasta la inseguridad h\u00eddrica y alimentaria causada por la disminuci\u00f3n del suministro de agua.<br><br>El coste de los riesgos del agua para las empresas podr\u00eda ser m\u00e1s de cinco veces mayor que el coste de actuar ahora para hacer frente a esos riesgos.<br><br>Hay medidas pr\u00e1cticas que las instituciones financieras pueden tomar ahora mismo para protegerse de los riesgos creados por la crisis del agua y tener un impacto positivo en la seguridad del agua.<a id=\"_ftnref2\" href=\"#_ftn2\">[2]<\/a><br><br>Sobre saneamiento, la Organizaci\u00f3n Mundial de la Salud expresa:<\/p>\n\n\n\n<ul class=\"wp-block-list\"><li>En 2020, el 54% de la poblaci\u00f3n mundial (4200 millones de personas) utilizaba un servicio de saneamiento gestionado de forma segura.<\/li><li>M\u00e1s de 1.700 millones de personas siguen sin tener acceso a servicios b\u00e1sicos de saneamiento, como inodoros o letrinas privados.<\/li><li>De ellas, 494 millones todav\u00eda defecan al aire libre, por ejemplo, en alcantarillas, detr\u00e1s de arbustos o en masas abiertas de agua.<\/li><li>En 2020, el 45% de las aguas residuales dom\u00e9sticas generadas en el mundo se vertieron sin aplicar un tratamiento seguro.<\/li><li>Se estima que al menos el 10% de la poblaci\u00f3n mundial consume alimentos regados con aguas residuales.<\/li><li>Un saneamiento deficiente reduce el bienestar humano y el desarrollo social y econ\u00f3mico a causa de la ansiedad, el riesgo de padecer agresiones sexuales, la p\u00e9rdida de oportunidades educativas y laborales, y otras consecuencias.<\/li><li>Un saneamiento deficiente va asociado a la transmisi\u00f3n de enfermedades diarreicas como el c\u00f3lera y la disenter\u00eda, as\u00ed como la fiebre tifoidea, las lombrices intestinales y la poliomielitis. Tambi\u00e9n agrava el retraso del crecimiento y contribuye a la propagaci\u00f3n de la resistencia a los antimicrobianos.<a href=\"#_ftn3\" id=\"_ftnref3\">[3]<\/a><\/li><\/ul>\n\n\n\n<p>Estas referencias muestran la imperativa necesidad de persistir en el desarrollo de mejores pr\u00e1cticas en agua potable y saneamiento b\u00e1sico en beneficio de todos. La ingenier\u00eda tiene un papel fundamental para lograrlo y es parte de lo que se va a presentar en esta jornada.<br><br>Sobre tendencias en Ingenier\u00eda Civil, se hace importante conocer y reconocer su rol en un nuevo contexto que exige nuevas tecnolog\u00edas y responsabilidad social.<\/p>\n\n\n\n<h3 class=\"wp-block-heading\"><strong>Agenda<\/strong><\/h3>\n\n\n\n<figure class=\"wp-block-image size-full\"><img loading=\"lazy\" decoding=\"async\" width=\"600\" height=\"252\" src=\"https:\/\/www.acofi.edu.co\/eiei2022\/wp-content\/uploads\/2022\/08\/Agenda-Agua-potable.png\" alt=\"\" class=\"wp-image-1006\" srcset=\"https:\/\/www.acofi.edu.co\/eiei2022\/wp-content\/uploads\/2022\/08\/Agenda-Agua-potable.png 600w, https:\/\/www.acofi.edu.co\/eiei2022\/wp-content\/uploads\/2022\/08\/Agenda-Agua-potable-300x126.png 300w\" sizes=\"auto, (max-width: 600px) 100vw, 600px\" \/><\/figure>\n\n\n\n<h3 class=\"wp-block-heading\"><strong>Avances en investigaci\u00f3n<\/strong><\/h3>\n\n\n\n<figure class=\"wp-block-image size-full\"><img loading=\"lazy\" decoding=\"async\" width=\"800\" height=\"525\" src=\"https:\/\/www.acofi.edu.co\/eiei2022\/wp-content\/uploads\/2022\/08\/Ponencias-Agua-potable.png\" alt=\"\" class=\"wp-image-1007\" srcset=\"https:\/\/www.acofi.edu.co\/eiei2022\/wp-content\/uploads\/2022\/08\/Ponencias-Agua-potable.png 800w, https:\/\/www.acofi.edu.co\/eiei2022\/wp-content\/uploads\/2022\/08\/Ponencias-Agua-potable-300x197.png 300w, https:\/\/www.acofi.edu.co\/eiei2022\/wp-content\/uploads\/2022\/08\/Ponencias-Agua-potable-768x504.png 768w\" sizes=\"auto, (max-width: 800px) 100vw, 800px\" \/><\/figure>\n\n\n\n<h3 class=\"wp-block-heading\"><strong>Coordinaci\u00f3n<\/strong><\/h3>\n\n\n\n<p>Yojana P\u00e9rez Pertuz, Universidad de Sucre, Colombia<\/p>\n\n\n\n<h3 class=\"wp-block-heading\"><strong>Aspectos log\u00edsticos<\/strong><\/h3>\n\n\n\n<ul class=\"wp-block-list\"><li>Fecha y horario: martes 13 de septiembre de 2022, 14:00 \u2013 18:30 horas COT.<\/li><li>Idioma: espa\u00f1ol.<\/li><li>N\u00famero de participantes: 25. <strong>CUPO COMPLETADO<\/strong><\/li><li>Lugar: Fundaci\u00f3n Universitaria Colombo Internacional Centro Hist\u00f3rico \u2013 Calle de la Factor\u00eda 36 27\u00a0\u00a0\u00a0\u00a0 Salon A211<\/li><li>Se solicita a quienes tengan presentaciones, utilicen un n\u00famero adecuado de diapositivas, dado que el tiempo de exposici\u00f3n ser\u00e1 de m\u00e1ximo 12 minutos y tres minutos para comentarios y preguntas.<\/li><\/ul>\n\n\n\n<h3 class=\"wp-block-heading\"><strong>Mapa<\/strong><\/h3>\n\n\n\n<iframe src=\"https:\/\/www.google.com\/maps\/embed?pb=!1m18!1m12!1m3!1d245.2471021404617!2d-75.5521078921709!3d10.425254150919063!2m3!1f0!2f0!3f0!3m2!1i1024!2i768!4f13.1!3m3!1m2!1s0x8ef62fa1c95105bd%3A0xeb20acfe4dc46d2a!2sCentro%20Colombo%20Americano%20de%20Cartagena%20%7C%20Aprende%20ingl%C3%A9s%20de%20verdad!5e0!3m2!1ses-419!2sco!4v1661196304692!5m2!1ses-419!2sco\" width=\"600\" height=\"450\" style=\"border:0;\" allowfullscreen=\"\" loading=\"lazy\" referrerpolicy=\"no-referrer-when-downgrade\"><\/iframe>\n\n\n\n<hr class=\"wp-block-separator has-alpha-channel-opacity\"\/>\n\n\n\n<p><a href=\"#_ftnref1\" id=\"_ftn1\">[1]<\/a> https:\/\/es.weforum.org\/agenda\/2020\/01\/un-estudio-calcula-que-hace-falta-un-1-del-pib-mundial-para-garantizar-la-disponibilidad-de-agua-y-saneamiento-para-todos\/<\/p>\n\n\n\n<p><a href=\"#_ftnref2\" id=\"_ftn2\">[2]<\/a> https:\/\/es.weforum.org\/agenda\/2022\/07\/asi-es-como-el-sector-financiero-debe-hacer-frente-a-la-creciente-crisis-del-agua\/<\/p>\n\n\n\n<p><a href=\"#_ftnref3\" id=\"_ftn3\">[3]<\/a> https:\/\/www.who.int\/es\/news-room\/fact-sheets\/detail\/sanitation<\/p>\n","protected":false},"excerpt":{"rendered":"<p>Descripci\u00f3n En esta jornada se presentar\u00e1n Soluciones y propuestas de ingenier\u00eda que garanticen: El correcto acceso y uso del recurso h\u00eddrico. La eliminaci\u00f3n adecuada de residuos y aguas residuales. De la misma manera, directivos, profesores de Ingenier\u00eda Civil e invitados, analizar\u00e1n algunas tendencias en la profesi\u00f3n. Motivaci\u00f3n Sobre Agua potable y saneamiento b\u00e1sico: \u2026 hace [&hellip;]<\/p>\n","protected":false},"author":1,"featured_media":0,"parent":795,"menu_order":0,"comment_status":"closed","ping_status":"closed","template":"","meta":{"_acf_changed":false,"footnotes":""},"class_list":["post-800","page","type-page","status-publish","hentry"],"acf":[],"_links":{"self":[{"href":"https:\/\/www.acofi.edu.co\/eiei2022\/wp-json\/wp\/v2\/pages\/800","targetHints":{"allow":["GET"]}}],"collection":[{"href":"https:\/\/www.acofi.edu.co\/eiei2022\/wp-json\/wp\/v2\/pages"}],"about":[{"href":"https:\/\/www.acofi.edu.co\/eiei2022\/wp-json\/wp\/v2\/types\/page"}],"author":[{"embeddable":true,"href":"https:\/\/www.acofi.edu.co\/eiei2022\/wp-json\/wp\/v2\/users\/1"}],"replies":[{"embeddable":true,"href":"https:\/\/www.acofi.edu.co\/eiei2022\/wp-json\/wp\/v2\/comments?post=800"}],"version-history":[{"count":5,"href":"https:\/\/www.acofi.edu.co\/eiei2022\/wp-json\/wp\/v2\/pages\/800\/revisions"}],"predecessor-version":[{"id":1084,"href":"https:\/\/www.acofi.edu.co\/eiei2022\/wp-json\/wp\/v2\/pages\/800\/revisions\/1084"}],"up":[{"embeddable":true,"href":"https:\/\/www.acofi.edu.co\/eiei2022\/wp-json\/wp\/v2\/pages\/795"}],"wp:attachment":[{"href":"https:\/\/www.acofi.edu.co\/eiei2022\/wp-json\/wp\/v2\/media?parent=800"}],"curies":[{"name":"wp","href":"https:\/\/api.w.org\/{rel}","templated":true}]}}