{"id":47,"date":"2020-12-01T19:12:28","date_gmt":"2020-12-01T19:12:28","guid":{"rendered":"http:\/\/www.acofi.edu.co\/eiei2021\/?page_id=47"},"modified":"2021-11-03T19:14:46","modified_gmt":"2021-11-03T19:14:46","slug":"premios-acofi","status":"publish","type":"page","link":"https:\/\/www.acofi.edu.co\/eiei2021\/informacion-general\/premios-acofi\/","title":{"rendered":"Premios ACOFI"},"content":{"rendered":"\n<p>Los premios ACOFI se promueven desde el a\u00f1o 1998. Buscan estimular el trabajo acad\u00e9mico de los profesores y estudiantes pertenecientes a las facultades de ingenier\u00eda del pa\u00eds y&nbsp;se entregan a los mejores trabajos presentados en el Encuentro en las distintas categor\u00edas.&nbsp;El reconocimiento se realizar\u00e1 durante el primer trimestre del 2022.<br><br>Para este a\u00f1o, los premiados en la categor\u00eda \u00ab<strong>Trabajos sobre ense\u00f1anza de la ingenier\u00eda<\/strong>\u00bb tendr\u00e1n la posibilidad de presentar su ponencia y asistir al <a href=\"http:\/\/congreso.tecnmciidet.com.mx\/\"><strong>Congreso Internacional de Investigaci\u00f3n, Desarrollo e Innovaci\u00f3n en Educaci\u00f3n Tecnol\u00f3gica (CIIDIET 2021)<\/strong><\/a>, que se llevar\u00e1 a cabo del 24 al 26 de noviembre del 2021 en modalidad virtual<\/p>\n\n\n\n<h3 class=\"has-text-color\" style=\"color:#fbb040\">Trabajos sobre ense\u00f1anza de la ingenier\u00eda<\/h3>\n\n\n\n<p class=\"has-text-color\" style=\"color:#ef4136\"><strong>FORTALECIMIENTO DEL PROCESO DE PROMOCI\u00d3N DE EMPRENDIMIENTOS DESDE EL MARCO DE LA METODOLOG\u00cdA CDIO. UNA EXPERIENCIA COLABORATIVA DE APRENDIZAJE ENTRE MUJERES<\/strong><br>Jeniffer Tatiana Cu\u00e9llar G\u00f3mez, Martha Abigail Blanco, Yessica Liseth Pinz\u00f3n Gordillo, Paula Andrea Villegas Gonz\u00e1lez, Daniela Tavera Barahona, Sandra Catalina Parra Navarrete, Isabella La Rotta Mosquera<br>Pontificia Universidad Javeriana, Peri\u00f3dico Olympia, Fundaci\u00f3n Laudes Infantis, Colombia<\/p>\n\n\n\n<p><strong><a href=\"https:\/\/acofipapers.org\/index.php\/eiei\/article\/view\/1994\">Consultar trabajo<\/a><\/strong><\/p>\n\n\n\n<p class=\"has-text-color\" style=\"color:#ef4136\"><strong>LA EXPERIENCIA DE LA VIRTUALIDAD DURANTE LA PANDEMIA, UN A\u00d1O DESPU\u00c9S<\/strong><br>Sandra Castillo Land\u00ednez, Pablo Eduardo Caicedo Rodr\u00edguez, Santiago Alberto Mu\u00f1oz de la Rosa, John Pablo Sandoval Paz<br>Corporaci\u00f3n Universitaria Aut\u00f3noma del Cauca, Colombia<\/p>\n\n\n\n<p><strong><a href=\"https:\/\/acofipapers.org\/index.php\/eiei\/article\/view\/2005\">Consultar trabajo<\/a><\/strong><\/p>\n\n\n\n<p class=\"has-text-color\" style=\"color:#ef4136\"><strong>MACHINE LEARNING TO PREDICT STUDENT ACADEMIC RISK IN ENGINEERING<\/strong><br>Lizeth Stephany Rold\u00e1n Jim\u00e9nez<br>Pontificia Universidad Javeriana, Colombia<\/p>\n\n\n\n<p><strong><a href=\"https:\/\/acofipapers.org\/index.php\/eiei\/article\/view\/1579\">Consultar trabajo<\/a><\/strong><\/p>\n\n\n\n<h3 class=\"has-text-color\" style=\"color:#fbb040\">Buenas pr\u00e1cticas sobre la participaci\u00f3n de mujeres en ingenier\u00eda<\/h3>\n\n\n\n<p class=\"has-text-color\" style=\"color:#ef4136\"><strong>PERSPECTIVA DE G\u00c9NERO: UNA APUESTA DE LA FACULTAD DE CIENCIAS EMPRESARIALES DE LA UNIVERSIDAD TECNOL\u00d3GICA DE PEREIRA<\/strong><br>Erika Echeverry Londo\u00f1o, Wilson Arenas Valencia, Carlos Mauricio Zuluaga Ram\u00edrez, Juliana Toro Arias<br>Universidad Tecnol\u00f3gica de Pereira, Universidad Nacional de Colombia, Colombia<\/p>\n\n\n\n<p><strong><a href=\"https:\/\/acofipapers.org\/index.php\/eiei\/article\/view\/1644\">Consultar trabajo<\/a><br><a href=\"http:\/\/www.acofi.edu.co\/eiei2021\/wp-content\/uploads\/2021\/08\/1644-scaled.jpg\">Consultar p\u00f3ster<\/a><\/strong><\/p>\n\n\n\n<p class=\"has-text-color\" style=\"color:#ef4136\"><strong>LAS MUJERES DE LA FACULTAD DE INGENIER\u00cdA DE LA UNIVERSIDAD TECNOL\u00d3GICA DEL CHOC\u00d3: UNA EVALUACI\u00d3N DE SU PARTICIPACI\u00d3N EN EL APORTE Y CRECIMIENTO DE LA INSTITUCIONALIDAD<\/strong><br>Leidy Vi\u00e1fara Renter\u00eda, Kely Arias<br>Universidad Tecnol\u00f3gica del Choc\u00f3, Colombia<\/p>\n\n\n\n<p><strong><a href=\"https:\/\/acofipapers.org\/index.php\/eiei\/article\/view\/1928\">Consultar trabajo<\/a><br><a href=\"http:\/\/www.acofi.edu.co\/eiei2021\/wp-content\/uploads\/2021\/08\/1928-scaled.jpg\">Consultar p\u00f3ster<\/a><\/strong><\/p>\n\n\n\n<h3 class=\"has-text-color\" style=\"color:#fbb040\">Avances en investigaci\u00f3n<\/h3>\n\n\n\n<p class=\"has-text-color\" style=\"color:#ef4136\"><strong>ELABORACI\u00d3N DE UN MODELO DE BIOPOL\u00cdMERO A PARTIR DE RESIDUOS ORG\u00c1NICOS PARA EL RECUBRIMIENTO DE PR\u00d3TESIS DE MIEMBROS SUPERIORES<\/strong><br>Daniela Solarte Chicaiza, Magaly Camargo Forigua, Jorge Eli\u00e9cer Carrillo Vel\u00e1squez<br>Universidad Militar Nueva Granada, Colombia<\/p>\n\n\n\n<p><strong><a href=\"https:\/\/acofipapers.org\/index.php\/eiei\/article\/view\/1809\">Consultar trabajo<\/a><br><a href=\"http:\/\/www.acofi.edu.co\/eiei2021\/wp-content\/uploads\/2021\/08\/1809-455x1024.jpg\">Consultar p\u00f3ster<\/a><\/strong><\/p>\n\n\n\n<h3 class=\"has-text-color\" style=\"color:#fbb040\">Encuentro Nacional de Estudiantes de Doctorado<\/h3>\n\n\n\n<p class=\"has-text-color\" style=\"color:#ef4136\"><strong>IMPACTO DE LOS RIESGOS EN LA GESTI\u00d3N DE PROCESOS DE NEGOCIO<\/strong><br>Elisa del Carmen Navarro Romero<br>Pontificia Universidad Javeriana, Colombia<\/p>\n\n\n\n<p><strong><a href=\"https:\/\/acofipapers.org\/index.php\/eiei\/article\/view\/1592\">Consultar trabajo<\/a><br><a href=\"http:\/\/www.acofi.edu.co\/eiei2021\/wp-content\/uploads\/2021\/08\/1592-scaled.jpg\">Consultar p\u00f3ster<\/a><\/strong><\/p>\n\n\n\n<h3 class=\"has-text-color\" style=\"color:#fbb040\">Foro de estudiantes de ingenier\u00eda<\/h3>\n\n\n\n<p class=\"has-text-color\" style=\"color:#ef4136\"><strong>SISTEMA AUTOMATIZADO Y BIO-SUSTENTABLE PARA UN CONJUNTO DE CASAS EN EL CONJUNTO RESIDENCIAL VILLA SMART EN LA CIUDAD DE GIRARDOT, ZONA DEL ALTO MAGDALENA<\/strong><br>Jael Alejandra Ni\u00f1o Barbosa, Anc\u00edzar Barrag\u00e1n Alturo<br>Universidad Piloto de Colombia, Colombia<\/p>\n\n\n\n<p><strong><a href=\"https:\/\/acofipapers.org\/index.php\/eiei\/article\/view\/1832\">Consultar trabajo<\/a><br><a href=\"http:\/\/www.acofi.edu.co\/eiei2021\/wp-content\/uploads\/2021\/08\/1832-scaled.jpg\">Consultar p\u00f3ster<\/a><\/strong><\/p>\n\n\n\n<h3 class=\"has-text-color\" style=\"color:#fbb040\">Reconocimientos Foro Colombiano de Estudiantes de Ingenier\u00eda<\/h3>\n\n\n\n<p><strong>Taller Presencial Alfabetizaci\u00f3n Tecnol\u00f3gica Empresarial<\/strong><br>Natalia Zamudio Vargas, Ing. Ambiental. Universidad El Bosque<br>Juanita Mart\u00ednez Hern\u00e1ndez, Ing. Aeron\u00e1utica, Fundaci\u00f3n Universitaria los Libertadores<\/p>\n\n\n\n<p><strong>Reto Virtual Agricultura Urbana<\/strong><br>Kevin Andr\u00e9s Solano, Ing. Industrial Universidad El Bosque<br>Ivonne Nataly Mart\u00ednez Ing. de Telecomunicaciones, Universidad Nacional Abierta y a Distancia<br>Paula Florez Velazquez Ing. Industrial, Corporaci\u00f3n Universitaria Unitec<\/p>\n\n\n\n<p><strong>Reto Presencial Campo Colombiano<\/strong><br>Santiago Herrera Londo\u00f1o, Ing. Electr\u00f3nica, Universidad del Quind\u00edo<br>Alejandra S\u00e1nchez, Ing. Industrial, Escuela de Colombiana de Ingenier\u00eda Julio Garavito<\/p>\n","protected":false},"excerpt":{"rendered":"<p>Los premios ACOFI se promueven desde el a\u00f1o 1998. Buscan estimular el trabajo acad\u00e9mico de los profesores y estudiantes pertenecientes a las facultades de ingenier\u00eda del pa\u00eds y&nbsp;se entregan a los mejores trabajos presentados en el Encuentro en las distintas categor\u00edas.&nbsp;El reconocimiento se realizar\u00e1 durante el primer trimestre del 2022. Para este a\u00f1o, los premiados [&hellip;]<\/p>\n","protected":false},"author":1,"featured_media":0,"parent":29,"menu_order":0,"comment_status":"closed","ping_status":"closed","template":"","meta":[],"_links":{"self":[{"href":"https:\/\/www.acofi.edu.co\/eiei2021\/wp-json\/wp\/v2\/pages\/47"}],"collection":[{"href":"https:\/\/www.acofi.edu.co\/eiei2021\/wp-json\/wp\/v2\/pages"}],"about":[{"href":"https:\/\/www.acofi.edu.co\/eiei2021\/wp-json\/wp\/v2\/types\/page"}],"author":[{"embeddable":true,"href":"https:\/\/www.acofi.edu.co\/eiei2021\/wp-json\/wp\/v2\/users\/1"}],"replies":[{"embeddable":true,"href":"https:\/\/www.acofi.edu.co\/eiei2021\/wp-json\/wp\/v2\/comments?post=47"}],"version-history":[{"count":26,"href":"https:\/\/www.acofi.edu.co\/eiei2021\/wp-json\/wp\/v2\/pages\/47\/revisions"}],"predecessor-version":[{"id":955,"href":"https:\/\/www.acofi.edu.co\/eiei2021\/wp-json\/wp\/v2\/pages\/47\/revisions\/955"}],"up":[{"embeddable":true,"href":"https:\/\/www.acofi.edu.co\/eiei2021\/wp-json\/wp\/v2\/pages\/29"}],"wp:attachment":[{"href":"https:\/\/www.acofi.edu.co\/eiei2021\/wp-json\/wp\/v2\/media?parent=47"}],"curies":[{"name":"wp","href":"https:\/\/api.w.org\/{rel}","templated":true}]}}