{"id":14,"date":"2020-12-01T18:45:27","date_gmt":"2020-12-01T18:45:27","guid":{"rendered":"http:\/\/www.acofi.edu.co\/eiei2021\/?page_id=14"},"modified":"2021-03-02T15:37:08","modified_gmt":"2021-03-02T15:37:08","slug":"presentacion","status":"publish","type":"page","link":"https:\/\/www.acofi.edu.co\/eiei2021\/informacion-academica\/presentacion\/","title":{"rendered":"Presentaci\u00f3n"},"content":{"rendered":"\n<p>Enfrentamos un mundo en permanente cambio. Con mayor recurrencia, encontramos fen\u00f3menos naturales extremos, el impacto de la actividad humana sobre el ambiente, desaf\u00edos en salud p\u00fablica para manejar viejas y nuevas enfermedades que afectan adem\u00e1s de la salud, la estabilidad econ\u00f3mica de los pa\u00edses. Al mismo tiempo, debemos seguir atendiendo necesidades b\u00e1sicas, como el acceso al agua potable, reducir el hambre y luchar como tener un ambiente sostenible teniendo cada vez m\u00e1s poblaci\u00f3n y mayores necesidades de energ\u00eda y explotaci\u00f3n de recursos naturales, entre otros. En contraste, somos testigos de uno de los momentos de mayor desarrollo cient\u00edfico-tecnol\u00f3gico e interacci\u00f3n jam\u00e1s imaginada y con el reto que hay mucho por construir, con nuevas oportunidades para todos.<br><br>Para atender todos estos retos cada vez m\u00e1s complejos y oportunidades, se requiere de un gran talento, en especial en la ingenier\u00eda, que, por su definici\u00f3n y compromiso con la sociedad y el desarrollo, debe tener un papel protag\u00f3nico. Es posible afirmar que los pa\u00edses con mayor desarrollo cuentan con una ingenier\u00eda fuerte que ha sido l\u00edder para lograrlo. En los dem\u00e1s pa\u00edses se han dado algunos logros, pero hay mucho por realizar. A la vez es posible indicar que la participaci\u00f3n de la mujer no ha sido la esperada en ninguno de los escenarios. Dar una \u00fanica explicaci\u00f3n es muy complejo, porque la brecha de desigualdad e inequidad con las mujeres ha sido hist\u00f3rica en lo social y en lo t\u00e9cnico, minimizando la importancia de sus aportes a la sociedad. La ingenier\u00eda tambi\u00e9n ha tenido este comportamiento al no reconocer como debiera, a las contribuciones de las mujeres en esta \u00e1rea. El Foro Econ\u00f3mico Mundial, en este sentido expresa:<\/p>\n\n\n\n<pre class=\"wp-block-verse\"><em>Las mujeres representan la mitad de la poblaci\u00f3n mundial, necesitan los mismos recursos y se enfrentan a los mismos retos<\/em>\n<em>mundiales \u2014a menudo en situaci\u00f3n de desventaja\u2014 que la otra mitad.<\/em>\n\n<em>A pesar de ello, muchas menos mujeres est\u00e1n implicadas en el dise\u00f1o y el desarrollo de soluciones inteligentes y sostenibles<\/em>\n<em>basadas en la tecnolog\u00eda que nos permitir\u00edan a todos mejorar nuestras vidas\u2026<\/em>\n\n<em>\u2026 Atraer y apoyar a m\u00e1s mujeres ingenieras redunda en beneficio de todos, ya que aumenta el potencial para desarrollar<\/em>\n<em>soluciones inclusivas e innovadoras para los complejos problemas a los que se enfrenta el mundo<\/em>.<\/pre>\n\n\n\n<p>Adem\u00e1s de la deuda hist\u00f3rica con las mujeres, es claro que su papel en la ingenier\u00eda va m\u00e1s all\u00e1 de lograr una participaci\u00f3n en n\u00famero equilibrada, sino que es un aporte central para el desarrollo social y econ\u00f3mico. Como parte de este ejercicio, se hace necesario que, desde la formaci\u00f3n en ingenier\u00eda, se entienda que los aportes y trabajo sobrepasan los aspectos propios de la disciplina, sino que hacen parte de un modelo que deber\u00e1 conducir a un mundo mejor.<br><br>Para lograr que la participaci\u00f3n de las mujeres en la ingenier\u00eda sea exitosa, deben revisarse los estereotipos y creencias err\u00f3neas que solo han contribuido a generar el desinter\u00e9s por esta profesi\u00f3n. Como aporte, en el libro Matilda y las mujeres en ingenier\u00eda en Am\u00e9rica Latina II, indica:<\/p>\n\n\n\n<pre class=\"wp-block-verse\"><em>Las ni\u00f1as y mujeres necesitan poder observar modelos con los cuales identificarse. Mujeres fuertes, inteligentes y exitosas que aparecen<\/em>\n<em>en la historia, para que cuando una ni\u00f1a o una adolescente abra un libro, haga una b\u00fasqueda en Internet o prenda el televisor, se encuentre<\/em>\n<em>con mujeres que tengan las mismas vocaciones cient\u00edficas que ella, o que ya trabajaron en el mismo campo de investigaci\u00f3n tecnol\u00f3gica<\/em>\n<em>que a ella le interesa...<\/em><\/pre>\n\n\n\n<p>Esta es una de las m\u00faltiples l\u00edneas que se deben considerar y desde el trabajo de todos aportar para que se logre un verdadero incentivo sobre su participaci\u00f3n como parte central del modelo de desarrollo de una regi\u00f3n, de un pa\u00eds y del mundo.<br><br>Es claro que:<\/p>\n\n\n\n<pre class=\"wp-block-verse\"><em>Si tenemos alguna esperanza de que los Objetivos de Desarrollo Sostenible se logren de aqu\u00ed a 2030, debemos valernos de las<\/em>\n<em>capacidades y el talento de hombres y mujeres por igual, y ello implica seguir trabajando para crear un entorno m\u00e1s propicio para<\/em>\n<em>que las mujeres estudien, trabajen y prosperen.<\/em>\n\n<em>Las mujeres pueden realizar una importante contribuci\u00f3n a la hora de crear un mundo m\u00e1s igualitario.<\/em>\n<em>Solo hay que darles las mismas oportunidades.<\/em><\/pre>\n\n\n\n<p>Estamos en un momento hist\u00f3rico y no podemos ser inferiores a este gran reto.<\/p>\n\n\n\n<blockquote class=\"wp-block-quote\"><p><\/p><cite>Giordano Lerena, R.; P\u00e1ez Pino, A. (2020). Matilda y las mujeres en ingenier\u00eda en Am\u00e9rica Latina 2. Universidad FASTA Ediciones <a href=\"https:\/\/es.weforum.org\/agenda\/2020\/03\/para-construir-un-mundo-mas-sostenible-haran-falta-mas-ingenieras\/\">https:\/\/es.weforum.org\/agenda\/2020\/03\/para-construir-un-mundo-mas-sostenible-haran-falta-mas-ingenieras\/<\/a><\/cite><\/blockquote>\n","protected":false},"excerpt":{"rendered":"<p>Enfrentamos un mundo en permanente cambio. Con mayor recurrencia, encontramos fen\u00f3menos naturales extremos, el impacto de la actividad humana sobre el ambiente, desaf\u00edos en salud p\u00fablica para manejar viejas y nuevas enfermedades que afectan adem\u00e1s de la salud, la estabilidad econ\u00f3mica de los pa\u00edses. Al mismo tiempo, debemos seguir atendiendo necesidades b\u00e1sicas, como el acceso [&hellip;]<\/p>\n","protected":false},"author":1,"featured_media":0,"parent":10,"menu_order":0,"comment_status":"closed","ping_status":"closed","template":"","meta":[],"_links":{"self":[{"href":"https:\/\/www.acofi.edu.co\/eiei2021\/wp-json\/wp\/v2\/pages\/14"}],"collection":[{"href":"https:\/\/www.acofi.edu.co\/eiei2021\/wp-json\/wp\/v2\/pages"}],"about":[{"href":"https:\/\/www.acofi.edu.co\/eiei2021\/wp-json\/wp\/v2\/types\/page"}],"author":[{"embeddable":true,"href":"https:\/\/www.acofi.edu.co\/eiei2021\/wp-json\/wp\/v2\/users\/1"}],"replies":[{"embeddable":true,"href":"https:\/\/www.acofi.edu.co\/eiei2021\/wp-json\/wp\/v2\/comments?post=14"}],"version-history":[{"count":22,"href":"https:\/\/www.acofi.edu.co\/eiei2021\/wp-json\/wp\/v2\/pages\/14\/revisions"}],"predecessor-version":[{"id":349,"href":"https:\/\/www.acofi.edu.co\/eiei2021\/wp-json\/wp\/v2\/pages\/14\/revisions\/349"}],"up":[{"embeddable":true,"href":"https:\/\/www.acofi.edu.co\/eiei2021\/wp-json\/wp\/v2\/pages\/10"}],"wp:attachment":[{"href":"https:\/\/www.acofi.edu.co\/eiei2021\/wp-json\/wp\/v2\/media?parent=14"}],"curies":[{"name":"wp","href":"https:\/\/api.w.org\/{rel}","templated":true}]}}