{"id":92,"date":"2019-12-02T10:46:56","date_gmt":"2019-12-02T10:46:56","guid":{"rendered":"https:\/\/www.acofi.edu.co\/eiei2020\/?page_id=92"},"modified":"2020-09-14T20:31:28","modified_gmt":"2020-09-14T20:31:28","slug":"foro-de-estudiantes","status":"publish","type":"page","link":"https:\/\/www.acofi.edu.co\/eiei2020\/categorias-de-participacion\/foro-de-estudiantes\/","title":{"rendered":"Foro de Estudiantes"},"content":{"rendered":"\n<p>En el marco del EIEI ACOFI 2020 se realizar\u00e1 la s\u00e9ptima versi\u00f3n del Foro de Estudiantes de Ingenier\u00eda, quienes compartir\u00e1n experiencias sobre el compromiso social de la formaci\u00f3n en ingenier\u00eda por medio de proyectos, conferencias, talleres y debates a partir de las distintas carreras y facultades de ingenier\u00eda. El objetivo de esta actividad es facilitar la retroalimentaci\u00f3n de los estudiantes hacia sus instituciones y dem\u00e1s compa\u00f1eros en el mejoramiento del proceso de aprendizaje y ense\u00f1anza de los programas de ingenier\u00eda.<\/p>\n\n\n\n<h2 class=\"has-text-color wp-block-heading\" style=\"color:#ef4136\">Agenda acad\u00e9mica<\/h2>\n\n\n\n<h4 class=\"has-luminous-vivid-amber-color has-text-color wp-block-heading\"><strong>Mi\u00e9rcoles 16 de septiembre<\/strong><\/h4>\n\n\n\n<figure class=\"wp-block-table is-style-stripes\"><table class=\"has-subtle-pale-green-background-color has-fixed-layout has-background\"><tbody><tr><td><strong>10:00 \u2013 15:30<\/strong><\/td><td><br><\/td><td><br><\/td><\/tr><tr><td><strong>&nbsp;<\/strong><\/td><td><strong>&nbsp;<\/strong><\/td><\/tr><\/tbody><\/table><\/figure>\n\n\n\n<h4 class=\"has-luminous-vivid-amber-color has-text-color wp-block-heading\"><strong>Jueves 17 de septiembre<\/strong><\/h4>\n\n\n\n<figure class=\"wp-block-table is-style-stripes\"><table class=\"has-subtle-pale-green-background-color has-fixed-layout has-background\"><tbody><tr><td><strong>08:00 \u2013 11:00<\/strong><\/td><td><strong>Presentaci\u00f3n de trabajos de los estudiantes<\/strong><br><strong><br><br><br><\/strong><\/td><\/tr><tr><td><strong>&nbsp;<\/strong><\/td><td>&nbsp;<\/td><\/tr><tr><td><strong>14:00 \u2013 15:00<\/strong><\/td><td><strong><\/strong><\/td><\/tr><tr><td><strong>&nbsp;<\/strong><\/td><td>&nbsp;<\/td><\/tr><tr><td><strong>15:00 \u2013 16:30<\/strong><\/td><td><a href=\"https:\/\/bit.ly\/2EPCAeR\"><strong>Din\u00e1mica<\/strong> Aplicaciones en casos de ingenier\u00eda<\/a><\/td><td><a href=\"https:\/\/bit.ly\/3gPjZNd\"><strong>Din\u00e1mica<\/strong> Aplicaciones gerencia de proyectos<\/a><\/td><\/tr><\/tbody><\/table><\/figure>\n\n\n\n<h4 class=\"has-luminous-vivid-amber-color has-text-color wp-block-heading\"><strong>Viernes 18 de septiembre<\/strong><\/h4>\n\n\n\n<figure class=\"wp-block-table is-style-stripes\"><table class=\"has-subtle-pale-green-background-color has-fixed-layout has-background\"><tbody><tr><td><strong>08:00 \u2013 09:00<\/strong><\/td><td><br><a href=\"https:\/\/bit.ly\/2EPCAeR\">Trainee j\u00f3venes en pr\u00e1cticas empresariales<\/a><br><a href=\"https:\/\/bit.ly\/2EPCAeR\">Invitados: Directivos: Pymes, Multinacionales y Practicantes 2019-2020<\/a><\/td><\/tr><\/tbody><\/table><\/figure>\n\n\n\n<h2 class=\"has-text-color wp-block-heading\" style=\"color:#ef4136\"><strong>IV Muestra de trabajos de estudiantes de ingenier\u00eda ACOFI 2020<\/strong><\/h2>\n\n\n\n<h4 class=\"has-luminous-vivid-amber-color has-text-color wp-block-heading\"><em>Introducci\u00f3n<\/em><\/h4>\n\n\n\n<p>El reconocimiento del trabajo en el\naula y su relaci\u00f3n con la sociedad se han convertido en un elemento importante\ny cada vez m\u00e1s com\u00fan en los procesos de formaci\u00f3n de ingenieros en Colombia. Llevar\nlos proyectos m\u00e1s all\u00e1 de las aulas e invitar a otros actores les permite a los\nestudiantes enfrentarse a situaciones que fortalecen sus habilidades de\nabstracci\u00f3n, s\u00edntesis, comunicaci\u00f3n y planeaci\u00f3n, fundamentales en su desempe\u00f1o\nprofesional. <\/p>\n\n\n\n<p>Se han desarrollado diversas iniciativas en las facultades de ingenier\u00eda; sin embrago, estos ejercicios acad\u00e9micos se quedan en las asignaturas y la comunidad acad\u00e9mica los desconoce. En este sentido, se ha propuesto la muestra de trabajos de los mejores proyectos de estudiantes de pregrado de ingenier\u00eda, con el fin de visibilizar los avances que nacen desde las aulas y llegan a las comunidades.<\/p>\n\n\n\n<h4 class=\"has-luminous-vivid-amber-color has-text-color wp-block-heading\"><em>Objetivo<\/em><\/h4>\n\n\n\n<p>Reconocer el talento de los estudiantes de pregrado en el desarrollo de sus proyectos en grupos de trabajo.<\/p>\n\n\n\n<h4 class=\"has-luminous-vivid-amber-color has-text-color wp-block-heading\"><em>Dirigida a<\/em><\/h4>\n\n\n\n<p>Estudiantes de pregrado de las\nfacultades, escuelas o programas de ingenier\u00eda. Pueden presentar sus trabajos\nde forma independiente o con el acompa\u00f1amiento de profesores y empresas, siempre\nque la mayor participaci\u00f3n sea de los estudiantes, para considerarlos en esta\ncategor\u00eda.<\/p>\n\n\n\n<h4 class=\"has-luminous-vivid-amber-color has-text-color wp-block-heading\"><em><strong>Metodolog\u00eda<\/strong><\/em><\/h4>\n\n\n\n<p>Los trabajos ser\u00e1n expuestos <strong>\u00fanicamente en forma de p\u00f3ster<\/strong>. Los trabajos seleccionados se exhibir\u00e1n como p\u00f3steres todos los d\u00edas del evento.<\/p>\n\n\n\n<h4 class=\"has-luminous-vivid-amber-color has-text-color wp-block-heading\"><em>Requisitos<\/em><\/h4>\n\n\n\n<ul><li>El proyecto debe\nser producto del trabajo de un semillero o de emprendimiento social y\nempresarial.<\/li><li>La mayor\u00eda de\nintegrantes del grupo deben ser estudiantes de pregrado de ingenier\u00eda.<\/li><li>El proyecto debe\nhaber sido desarrollado durante 2019 o el primer semestre de 2020.<\/li><li>El grupo puede\nestar conformado por estudiantes de una o varias instituciones.<\/li><li>El trabajo debe contar\ncon el aval de la decanatura de la facultad o la direcci\u00f3n del programa\nacad\u00e9mico al que pertenezca.<\/li><\/ul>\n\n\n\n<h4 class=\"has-luminous-vivid-amber-color has-text-color wp-block-heading\"><em>Env\u00edo de propuestas<\/em><\/h4>\n\n\n\n<div class=\"wp-block-file\"><a href=\"https:\/\/www.acofi.edu.co\/eiei2020\/wp-content\/uploads\/2020\/01\/Instructivo-para-subir-su-resumen.pdf\" class=\"wp-block-file__button\" download>  <strong>Descarga el Instructivo para subir su resumen<\/strong> <\/a><\/div>\n\n\n\n<ul><li>Prepare su resumen (entre 300 y 500 palabras)<\/li><li>Despu\u00e9s del 2 de diciembre de 2019, acceda al sitio web&nbsp;<strong><a href=\"http:\/\/www.acofipapers.org\/\">www.acofipapers.org<\/a><\/strong><\/li><li>Reg\u00edstrese en el sistema si a\u00fan no tiene acceso a \u00e9l<\/li><li>Copie y pegue el texto del resumen en el recuadro apropiado (no necesita adjuntar ning\u00fan documento\/archivo en esta etapa)<\/li><li>Es muy importante que todos los autores del trabajo queden inscritos en esta primera etapa, el sistema da la opci\u00f3n de agregar tantos autores como sea necesario<\/li><\/ul>\n\n\n\n<p class=\"has-text-color has-medium-font-size has-luminous-vivid-amber-color\"><em><strong>C\u00f3mo enviar su trabajo en extenso<\/strong><\/em><\/p>\n\n\n\n<div class=\"wp-block-file\"><a href=\"https:\/\/www.acofi.edu.co\/eiei2020\/wp-content\/uploads\/2020\/05\/Instructivo-presentaci\u00f3n-trabajo-completo-2020.pdf\" class=\"wp-block-file__button\" download> <strong>Descarga el instructivo para subir el trabajo en extenso<\/strong><\/a><\/div>\n\n\n\n<p class=\"has-text-color has-medium-font-size has-luminous-vivid-amber-color\"><em><strong>C\u00f3mo enviar su p\u00f3ster<\/strong><\/em> <\/p>\n\n\n\n<p>Consulte aqu\u00ed el instructivo para la elaboraci\u00f3n y posterior remisi\u00f3n de su p\u00f3ster. Solicitamos una lectura detalla de este instructivo.  <\/p>\n\n\n\n<div class=\"wp-block-file\"><a href=\"https:\/\/www.acofi.edu.co\/eiei2020\/wp-content\/uploads\/2020\/05\/Instructivo_posteres_2020.pdf\" class=\"wp-block-file__button\" download> <strong>Descarga el instructivo para la elaboraci\u00f3n y env\u00edo del p\u00f3ster<\/strong> <\/a><\/div>\n\n\n\n<p class=\"has-text-color has-medium-font-size has-luminous-vivid-amber-color\"><strong><em>Derechos de autor<\/em><\/strong> <\/p>\n\n\n\n<p>Todos los trabajos ser\u00e1n compilados en las memorias del Encuentro. Esta publicaci\u00f3n ser\u00e1 realizada por la Asociaci\u00f3n Colombiana de Ingenier\u00eda, ACOFI, dando los cr\u00e9ditos correspondientes a todos los autores. Dicha publicaci\u00f3n no implica ning\u00fan reconocimiento en dinero para los autores.<\/p>\n\n\n\n<p>La responsabilidad del contenido de las ponencias es de los autores, adem\u00e1s, se deber\u00e1 contar con la autorizaci\u00f3n respectiva para la reproducci\u00f3n de cualquier ilustraci\u00f3n, texto, tabla o figura, tomados de otros autores y\/o fuentes. ACOFI no asume responsabilidad por las opiniones expresadas en los documentos publicados. Una vez la ponencia es aceptada, los autores deber\u00e1n suministrar a la Asociaci\u00f3n, su autorizaci\u00f3n de publicaci\u00f3n por escrito (ver formato).<\/p>\n\n\n\n<div class=\"wp-block-file\"><a href=\"https:\/\/www.acofi.edu.co\/eiei2020\/wp-content\/uploads\/2020\/05\/zz__Carta-de-derechos-2020.docx\" class=\"wp-block-file__button\" download> <strong>Formato Carta de derechos<\/strong> <\/a><\/div>\n\n\n\n<h4 class=\"has-luminous-vivid-amber-color has-text-color wp-block-heading\"><em>Cronograma de la convocatoria<\/em><\/h4>\n\n\n\n<p>Se deber\u00e1 cumplir estrictamente con las\nsiguientes fechas l\u00edmite: <\/p>\n\n\n\n<ul><li>2 de diciembre de 2019: apertura del sistema para la presentaci\u00f3n de res\u00famenes.<\/li><li>17 de abril de 2020: presentaci\u00f3n de res\u00famenes.<\/li><li>15 de mayo de 2020: publicaci\u00f3n de res\u00famenes aceptados.<\/li><li>19 de junio de 2020: presentaci\u00f3n del trabajo completo.<\/li><li>9 de julio de 2020: env\u00edo de los p\u00f3steres.<\/li><li>31 de julio de 2020: registro de los participantes en la presentaci\u00f3n de los trabajos.<\/li><li>15 de agosto de 2020: env\u00edo del video.<\/li><\/ul>\n","protected":false},"excerpt":{"rendered":"<p>En el marco del EIEI ACOFI 2020 se realizar\u00e1 la s\u00e9ptima versi\u00f3n del Foro de Estudiantes de Ingenier\u00eda, quienes compartir\u00e1n experiencias sobre el compromiso social de la formaci\u00f3n en ingenier\u00eda por medio de proyectos, conferencias, talleres y debates a partir de las distintas carreras y facultades de ingenier\u00eda. El objetivo de esta actividad es facilitar [&hellip;]<\/p>\n","protected":false},"author":1,"featured_media":0,"parent":11,"menu_order":0,"comment_status":"closed","ping_status":"closed","template":"","meta":[],"_links":{"self":[{"href":"https:\/\/www.acofi.edu.co\/eiei2020\/wp-json\/wp\/v2\/pages\/92"}],"collection":[{"href":"https:\/\/www.acofi.edu.co\/eiei2020\/wp-json\/wp\/v2\/pages"}],"about":[{"href":"https:\/\/www.acofi.edu.co\/eiei2020\/wp-json\/wp\/v2\/types\/page"}],"author":[{"embeddable":true,"href":"https:\/\/www.acofi.edu.co\/eiei2020\/wp-json\/wp\/v2\/users\/1"}],"replies":[{"embeddable":true,"href":"https:\/\/www.acofi.edu.co\/eiei2020\/wp-json\/wp\/v2\/comments?post=92"}],"version-history":[{"count":23,"href":"https:\/\/www.acofi.edu.co\/eiei2020\/wp-json\/wp\/v2\/pages\/92\/revisions"}],"predecessor-version":[{"id":915,"href":"https:\/\/www.acofi.edu.co\/eiei2020\/wp-json\/wp\/v2\/pages\/92\/revisions\/915"}],"up":[{"embeddable":true,"href":"https:\/\/www.acofi.edu.co\/eiei2020\/wp-json\/wp\/v2\/pages\/11"}],"wp:attachment":[{"href":"https:\/\/www.acofi.edu.co\/eiei2020\/wp-json\/wp\/v2\/media?parent=92"}],"curies":[{"name":"wp","href":"https:\/\/api.w.org\/{rel}","templated":true}]}}