{"id":753,"date":"2020-09-03T21:01:13","date_gmt":"2020-09-03T21:01:13","guid":{"rendered":"https:\/\/www.acofi.edu.co\/eiei2020\/?page_id=753"},"modified":"2020-09-03T21:03:58","modified_gmt":"2020-09-03T21:03:58","slug":"jornada-inteligencia-emocional","status":"publish","type":"page","link":"https:\/\/www.acofi.edu.co\/eiei2020\/jornada-inteligencia-emocional\/","title":{"rendered":"Jornada Inteligencia Emocional"},"content":{"rendered":"\n<p><strong>Descripci\u00f3n<\/strong><\/p>\n\n\n\n<p>Entre los m\u00faltiples retos que enfrenta la sociedad se encuentra el manejo de las emociones. Lograr entender las emociones propias y las de los dem\u00e1s, constituye un elemento de alto valor en la toma de decisiones a nivel social, organizacional y personal. El impacto del manejo de las emociones condicionar\u00e1 el desarrollo de cualquier iniciativa o proyecto e incidir\u00e1 en su resultado.<\/p>\n\n\n\n<p>La ingenier\u00eda como profesi\u00f3n que desarrolla gran parte de su actividad en entornos sociales, en organizaciones y que tiene una alta incidencia en la sociedad, logra que la inteligencia emocional sea un factor relevante para el mejor desarrollo de una iniciativa o proyecto y el propio bienestar.<\/p>\n\n\n\n<p><strong>Agenda<\/strong><\/p>\n\n\n\n<figure class=\"wp-block-image size-large is-resized\"><img decoding=\"async\" src=\"https:\/\/www.acofi.edu.co\/eiei2020\/wp-content\/uploads\/2020\/09\/JA-IEmocional-AGENDA-1024x210.jpg\" alt=\"\" class=\"wp-image-754\" width=\"700\" srcset=\"https:\/\/www.acofi.edu.co\/eiei2020\/wp-content\/uploads\/2020\/09\/JA-IEmocional-AGENDA-1024x210.jpg 1024w, https:\/\/www.acofi.edu.co\/eiei2020\/wp-content\/uploads\/2020\/09\/JA-IEmocional-AGENDA-300x61.jpg 300w, https:\/\/www.acofi.edu.co\/eiei2020\/wp-content\/uploads\/2020\/09\/JA-IEmocional-AGENDA-768x157.jpg 768w, https:\/\/www.acofi.edu.co\/eiei2020\/wp-content\/uploads\/2020\/09\/JA-IEmocional-AGENDA.jpg 1083w\" sizes=\"(max-width: 1024px) 100vw, 1024px\" \/><\/figure>\n\n\n\n<p><strong>Trabajos<\/strong><\/p>\n\n\n\n<figure class=\"wp-block-image size-large is-resized\"><img decoding=\"async\" src=\"https:\/\/www.acofi.edu.co\/eiei2020\/wp-content\/uploads\/2020\/09\/JA-IEmocional-TRABAJOS-1024x451.jpg\" alt=\"\" class=\"wp-image-759\" width=\"700\" srcset=\"https:\/\/www.acofi.edu.co\/eiei2020\/wp-content\/uploads\/2020\/09\/JA-IEmocional-TRABAJOS-1024x451.jpg 1024w, https:\/\/www.acofi.edu.co\/eiei2020\/wp-content\/uploads\/2020\/09\/JA-IEmocional-TRABAJOS-300x132.jpg 300w, https:\/\/www.acofi.edu.co\/eiei2020\/wp-content\/uploads\/2020\/09\/JA-IEmocional-TRABAJOS-768x338.jpg 768w, https:\/\/www.acofi.edu.co\/eiei2020\/wp-content\/uploads\/2020\/09\/JA-IEmocional-TRABAJOS.jpg 1461w\" sizes=\"(max-width: 1024px) 100vw, 1024px\" \/><\/figure>\n\n\n\n<p><strong>Metodolog\u00eda<\/strong><\/p>\n\n\n\n<p>La moderadora coordinadora una introducci\u00f3n, presentando con base en su experiencia aspectos que considere relevantes alrededor de la inteligencia emocional. Se tendr\u00e1 una conferencia motivadora y posteriormente se presentar\u00e1n los trabajos y al finalizar la moderadora presentar\u00e1 las conclusiones.<\/p>\n\n\n\n<p><strong>Invitada<\/strong><\/p>\n\n\n\n<p>Liliana L\u00f3pez, Universidad Pontificia Bolivariana, Colombia<\/p>\n\n\n\n<p><strong>Coordinaci\u00f3n<\/strong><\/p>\n\n\n\n<p><em>Olga Rosalba Rodr\u00edguez, Universidad Nacional de Colombia, Colombia<\/em><\/p>\n\n\n\n<p><strong>Aspectos log\u00edsticos<\/strong><\/p>\n\n\n\n<ul><li>Fecha y horario: martes 15 de septiembre de 2020, 14:00 \u2013 16:30 horas COT.<\/li><li>Datos de conexi\u00f3n: <\/li><li>Idioma: espa\u00f1ol.<\/li><li>La jornada se enmarca en el contexto del t\u00edtulo.<\/li><li>En caso de hacer la presentaci\u00f3n diapositivas, le solicitamos utilizar un n\u00famero adecuado de acuerdo con el tiempo dispuesto para la conferencia.<\/li><\/ul>\n","protected":false},"excerpt":{"rendered":"<p>Descripci\u00f3n Entre los m\u00faltiples retos que enfrenta la sociedad se encuentra el manejo de las emociones. Lograr entender las emociones propias y las de los dem\u00e1s, constituye un elemento de alto valor en la toma de decisiones a nivel social, organizacional y personal. El impacto del manejo de las emociones condicionar\u00e1 el desarrollo de cualquier [&hellip;]<\/p>\n","protected":false},"author":1,"featured_media":0,"parent":0,"menu_order":0,"comment_status":"closed","ping_status":"closed","template":"","meta":[],"_links":{"self":[{"href":"https:\/\/www.acofi.edu.co\/eiei2020\/wp-json\/wp\/v2\/pages\/753"}],"collection":[{"href":"https:\/\/www.acofi.edu.co\/eiei2020\/wp-json\/wp\/v2\/pages"}],"about":[{"href":"https:\/\/www.acofi.edu.co\/eiei2020\/wp-json\/wp\/v2\/types\/page"}],"author":[{"embeddable":true,"href":"https:\/\/www.acofi.edu.co\/eiei2020\/wp-json\/wp\/v2\/users\/1"}],"replies":[{"embeddable":true,"href":"https:\/\/www.acofi.edu.co\/eiei2020\/wp-json\/wp\/v2\/comments?post=753"}],"version-history":[{"count":4,"href":"https:\/\/www.acofi.edu.co\/eiei2020\/wp-json\/wp\/v2\/pages\/753\/revisions"}],"predecessor-version":[{"id":760,"href":"https:\/\/www.acofi.edu.co\/eiei2020\/wp-json\/wp\/v2\/pages\/753\/revisions\/760"}],"wp:attachment":[{"href":"https:\/\/www.acofi.edu.co\/eiei2020\/wp-json\/wp\/v2\/media?parent=753"}],"curies":[{"name":"wp","href":"https:\/\/api.w.org\/{rel}","templated":true}]}}