{"id":644,"date":"2020-08-27T19:44:21","date_gmt":"2020-08-27T19:44:21","guid":{"rendered":"https:\/\/www.acofi.edu.co\/eiei2020\/?page_id=644"},"modified":"2020-09-14T14:04:01","modified_gmt":"2020-09-14T14:04:01","slug":"movilidad-vial","status":"publish","type":"page","link":"https:\/\/www.acofi.edu.co\/eiei2020\/avances-en-investigacion\/movilidad-vial\/","title":{"rendered":"Movilidad Vial"},"content":{"rendered":"\n<p><strong>Descripci\u00f3n<\/strong><\/p>\n\n\n\n<p>En esta jornada se presentar\u00e1n iniciativas y proyectos sobre aportes de ingenier\u00eda encaminados al mejoramiento de la movilidad como contribuci\u00f3n a la productividad, competitividad y calidad de vida. La jornada tendr\u00e1 una conferencia y un taller.<\/p>\n\n\n\n<p><strong>Motivaci\u00f3n<\/strong><\/p>\n\n\n\n<p>El futuro de la movilidad depende cada vez de diversos factores, que exigen una mirada desde m\u00faltiples \u00e1reas. La gr\u00e1fica del Foro Econ\u00f3mico Mundial presenta elementos que deben ser tenidos en cuenta en este sentido.<\/p>\n\n\n\n<figure class=\"wp-block-image size-large is-resized\"><img decoding=\"async\" src=\"https:\/\/www.acofi.edu.co\/eiei2020\/wp-content\/uploads\/2020\/08\/AI-VIAL-FOTO2.jpg\" alt=\"\" class=\"wp-image-679\" width=\"500\" srcset=\"https:\/\/www.acofi.edu.co\/eiei2020\/wp-content\/uploads\/2020\/08\/AI-VIAL-FOTO2.jpg 952w, https:\/\/www.acofi.edu.co\/eiei2020\/wp-content\/uploads\/2020\/08\/AI-VIAL-FOTO2-300x272.jpg 300w, https:\/\/www.acofi.edu.co\/eiei2020\/wp-content\/uploads\/2020\/08\/AI-VIAL-FOTO2-768x696.jpg 768w\" sizes=\"(max-width: 952px) 100vw, 952px\" \/><\/figure>\n\n\n\n<p><a href=\"#_ftn1\">[1]<\/a><\/p>\n\n\n\n<p>Durante esta jornada se analizar\u00e1n algunos de los aspectos mencionados.<\/p>\n\n\n\n<p><strong>Agenda<\/strong><\/p>\n\n\n\n<figure class=\"wp-block-image size-large is-resized\"><img decoding=\"async\" src=\"https:\/\/www.acofi.edu.co\/eiei2020\/wp-content\/uploads\/2020\/09\/AI-VIAL-AGENDA2-1024x485.jpg\" alt=\"\" class=\"wp-image-906\" width=\"700\" srcset=\"https:\/\/www.acofi.edu.co\/eiei2020\/wp-content\/uploads\/2020\/09\/AI-VIAL-AGENDA2-1024x485.jpg 1024w, https:\/\/www.acofi.edu.co\/eiei2020\/wp-content\/uploads\/2020\/09\/AI-VIAL-AGENDA2-300x142.jpg 300w, https:\/\/www.acofi.edu.co\/eiei2020\/wp-content\/uploads\/2020\/09\/AI-VIAL-AGENDA2-768x364.jpg 768w, https:\/\/www.acofi.edu.co\/eiei2020\/wp-content\/uploads\/2020\/09\/AI-VIAL-AGENDA2.jpg 1028w\" sizes=\"(max-width: 1024px) 100vw, 1024px\" \/><\/figure>\n\n\n\n<p><strong>Metodolog\u00eda<\/strong><\/p>\n\n\n\n<p>Los moderadores realizar\u00e1n una breve introducci\u00f3n, presentando con base en su experiencia aspectos que consideren relevantes alrededor de la movilidad.<\/p>\n\n\n\n<p>Se tendr\u00e1 una conferencia magistral motivadora, la presentaci\u00f3n de los avances en investigaci\u00f3n y un taller sobre el tema.<\/p>\n\n\n\n<p><strong>Avances en investigaci\u00f3n<\/strong><\/p>\n\n\n\n<figure class=\"wp-block-image size-large is-resized\"><img decoding=\"async\" src=\"https:\/\/www.acofi.edu.co\/eiei2020\/wp-content\/uploads\/2020\/08\/AI-VIAL-TRABAJOS-1024x525.jpg\" alt=\"\" class=\"wp-image-683\" width=\"700\" srcset=\"https:\/\/www.acofi.edu.co\/eiei2020\/wp-content\/uploads\/2020\/08\/AI-VIAL-TRABAJOS-1024x525.jpg 1024w, https:\/\/www.acofi.edu.co\/eiei2020\/wp-content\/uploads\/2020\/08\/AI-VIAL-TRABAJOS-300x154.jpg 300w, https:\/\/www.acofi.edu.co\/eiei2020\/wp-content\/uploads\/2020\/08\/AI-VIAL-TRABAJOS-768x394.jpg 768w, https:\/\/www.acofi.edu.co\/eiei2020\/wp-content\/uploads\/2020\/08\/AI-VIAL-TRABAJOS.jpg 1377w\" sizes=\"(max-width: 1024px) 100vw, 1024px\" \/><\/figure>\n\n\n\n<p><strong>Aspectos log\u00edsticos<\/strong><\/p>\n\n\n\n<ul><li>Fecha y horario: martes 15 de septiembre de 2020, 09:00 \u2013 12:00.<\/li><li>Idioma: espa\u00f1ol.<\/li><li>N\u00famero de participantes: 40.<\/li><li>Datos de conexi\u00f3n: <strong><\/strong><\/li><li>Se solicita a quienes tengan presentaciones, utilicen un n\u00famero adecuado de diapositivas, dado que el tiempo de exposici\u00f3n ser\u00e1 de m\u00e1ximo 12 minutos y tres minutos para comentarios y preguntas.<\/li><\/ul>\n\n\n\n<p><strong>Coordinaci\u00f3n<\/strong><\/p>\n\n\n\n<ul><li>Wilson Arias &#8211; <a href=\"mailto:wiariasro@unal.edu.co\">wiariasro@unal.edu.co<\/a><\/li><li>Mar\u00eda Fernanda Ram\u00edrez &#8211; <a href=\"mailto:mafe@despacio.org\">mafe@despacio.org<\/a><\/li><li>Monica Su\u00e1rez &#8211; <a href=\"mailto:monica.suarez@escuelaing.edu.co\">monica.suarez@escuelaing.edu.co<\/a><\/li><\/ul>\n\n\n\n<p><strong>Apoya<\/strong><\/p>\n\n\n\n<figure class=\"wp-block-image size-large is-resized\"><img decoding=\"async\" src=\"https:\/\/www.acofi.edu.co\/eiei2020\/wp-content\/uploads\/2020\/08\/AI-VIAL-APOYO.jpg\" alt=\"\" class=\"wp-image-686\" width=\"400\" srcset=\"https:\/\/www.acofi.edu.co\/eiei2020\/wp-content\/uploads\/2020\/08\/AI-VIAL-APOYO.jpg 945w, https:\/\/www.acofi.edu.co\/eiei2020\/wp-content\/uploads\/2020\/08\/AI-VIAL-APOYO-300x58.jpg 300w, https:\/\/www.acofi.edu.co\/eiei2020\/wp-content\/uploads\/2020\/08\/AI-VIAL-APOYO-768x148.jpg 768w\" sizes=\"(max-width: 945px) 100vw, 945px\" \/><\/figure>\n\n\n\n<hr class=\"wp-block-separator\"\/>\n\n\n\n<p><a href=\"#_ftnref1\">[1]<\/a> https:\/\/intelligence.weforum.org\/topics\/a1Gb00000038poVEAQ?tab=publications<\/p>\n","protected":false},"excerpt":{"rendered":"<p>Descripci\u00f3n En esta jornada se presentar\u00e1n iniciativas y proyectos sobre aportes de ingenier\u00eda encaminados al mejoramiento de la movilidad como contribuci\u00f3n a la productividad, competitividad y calidad de vida. La jornada tendr\u00e1 una conferencia y un taller. Motivaci\u00f3n El futuro de la movilidad depende cada vez de diversos factores, que exigen una mirada desde m\u00faltiples [&hellip;]<\/p>\n","protected":false},"author":1,"featured_media":0,"parent":636,"menu_order":0,"comment_status":"closed","ping_status":"closed","template":"","meta":[],"_links":{"self":[{"href":"https:\/\/www.acofi.edu.co\/eiei2020\/wp-json\/wp\/v2\/pages\/644"}],"collection":[{"href":"https:\/\/www.acofi.edu.co\/eiei2020\/wp-json\/wp\/v2\/pages"}],"about":[{"href":"https:\/\/www.acofi.edu.co\/eiei2020\/wp-json\/wp\/v2\/types\/page"}],"author":[{"embeddable":true,"href":"https:\/\/www.acofi.edu.co\/eiei2020\/wp-json\/wp\/v2\/users\/1"}],"replies":[{"embeddable":true,"href":"https:\/\/www.acofi.edu.co\/eiei2020\/wp-json\/wp\/v2\/comments?post=644"}],"version-history":[{"count":8,"href":"https:\/\/www.acofi.edu.co\/eiei2020\/wp-json\/wp\/v2\/pages\/644\/revisions"}],"predecessor-version":[{"id":908,"href":"https:\/\/www.acofi.edu.co\/eiei2020\/wp-json\/wp\/v2\/pages\/644\/revisions\/908"}],"up":[{"embeddable":true,"href":"https:\/\/www.acofi.edu.co\/eiei2020\/wp-json\/wp\/v2\/pages\/636"}],"wp:attachment":[{"href":"https:\/\/www.acofi.edu.co\/eiei2020\/wp-json\/wp\/v2\/media?parent=644"}],"curies":[{"name":"wp","href":"https:\/\/api.w.org\/{rel}","templated":true}]}}