{"id":642,"date":"2020-08-27T19:44:05","date_gmt":"2020-08-27T19:44:05","guid":{"rendered":"https:\/\/www.acofi.edu.co\/eiei2020\/?page_id=642"},"modified":"2020-08-31T20:09:44","modified_gmt":"2020-08-31T20:09:44","slug":"ingenieria-para-la-salud","status":"publish","type":"page","link":"https:\/\/www.acofi.edu.co\/eiei2020\/avances-en-investigacion\/ingenieria-para-la-salud\/","title":{"rendered":"Ingenier\u00eda para la Salud"},"content":{"rendered":"\n<p><strong>Descripci\u00f3n<\/strong><\/p>\n\n\n\n<p>En esta jornada se presentar\u00e1n iniciativas y proyectos sobre Aportes de ingenier\u00eda que contribuyan al mejoramiento de la salud y la calidad de vida.<\/p>\n\n\n\n<p><strong>Motivaci\u00f3n<\/strong><\/p>\n\n\n\n<p>El mundo cada vez m\u00e1s exige la conexi\u00f3n entre la tecnolog\u00eda y la salud para atender las cada vez m\u00e1s complejas situaciones que se presentan en salud, como tambi\u00e9n poder llegar a lugares en los que la medicina no es de f\u00e1cil acceso.<\/p>\n\n\n\n<p>El trabajo conjunto de la ingenier\u00eda y la salud, permiten encontrar mejores soluciones en dispositivos, atenci\u00f3n y log\u00edstica para prevenir, lograr mejores diagn\u00f3sticos, seguimiento de pacientes y mejorar la condici\u00f3n m\u00e9dica de las personas.<\/p>\n\n\n\n<p>Durante esta jornada se analizar\u00e1n algunos de los aspectos mencionados.<\/p>\n\n\n\n<p><strong>Agenda<\/strong><\/p>\n\n\n\n<figure class=\"wp-block-image size-large is-resized\"><img decoding=\"async\" src=\"https:\/\/www.acofi.edu.co\/eiei2020\/wp-content\/uploads\/2020\/08\/AI-AGUA-1024x174.jpg\" alt=\"\" class=\"wp-image-651\" width=\"700\" srcset=\"https:\/\/www.acofi.edu.co\/eiei2020\/wp-content\/uploads\/2020\/08\/AI-AGUA-1024x174.jpg 1024w, https:\/\/www.acofi.edu.co\/eiei2020\/wp-content\/uploads\/2020\/08\/AI-AGUA-300x51.jpg 300w, https:\/\/www.acofi.edu.co\/eiei2020\/wp-content\/uploads\/2020\/08\/AI-AGUA-768x130.jpg 768w, https:\/\/www.acofi.edu.co\/eiei2020\/wp-content\/uploads\/2020\/08\/AI-AGUA.jpg 1245w\" sizes=\"(max-width: 1024px) 100vw, 1024px\" \/><\/figure>\n\n\n\n<p><strong>Metodolog\u00eda<\/strong><\/p>\n\n\n\n<p>La moderadora realizar\u00e1 una breve introducci\u00f3n, presentando con base en su experiencia aspectos que considere relevantes alrededor de la Ingenier\u00eda y salud.<\/p>\n\n\n\n<p>Posteriormente se presentar\u00e1n los trabajos y al finalizar la moderadora presentar\u00e1 las conclusiones.<\/p>\n\n\n\n<p><strong>Avances en investigaci\u00f3n<\/strong><\/p>\n\n\n\n<figure class=\"wp-block-image size-large\"><img decoding=\"async\" loading=\"lazy\" width=\"1024\" height=\"786\" src=\"https:\/\/www.acofi.edu.co\/eiei2020\/wp-content\/uploads\/2020\/08\/AI-AGUA-TRABAJOS2-1024x786.jpg\" alt=\"\" class=\"wp-image-661\" srcset=\"https:\/\/www.acofi.edu.co\/eiei2020\/wp-content\/uploads\/2020\/08\/AI-AGUA-TRABAJOS2-1024x786.jpg 1024w, https:\/\/www.acofi.edu.co\/eiei2020\/wp-content\/uploads\/2020\/08\/AI-AGUA-TRABAJOS2-300x230.jpg 300w, https:\/\/www.acofi.edu.co\/eiei2020\/wp-content\/uploads\/2020\/08\/AI-AGUA-TRABAJOS2-768x590.jpg 768w, https:\/\/www.acofi.edu.co\/eiei2020\/wp-content\/uploads\/2020\/08\/AI-AGUA-TRABAJOS2.jpg 1081w\" sizes=\"(max-width: 1024px) 100vw, 1024px\" \/><\/figure>\n\n\n\n<p><strong>Aspectos log\u00edsticos<\/strong><\/p>\n\n\n\n<ul><li>Fecha y horario: martes 15 de septiembre de 2020, 14:00 \u2013 18:30 horas COT.<\/li><li>Idioma: espa\u00f1ol.<\/li><li>N\u00famero de participantes: 50.<\/li><li>Datos de conexi\u00f3n: <\/li><li>Se solicita a quienes tengan presentaciones, utilicen un n\u00famero adecuado de diapositivas, dado que el tiempo de exposici\u00f3n ser\u00e1 de m\u00e1ximo 12 minutos y tres minutos para comentarios y preguntas.<\/li><\/ul>\n\n\n\n<p><strong>Coordinaci\u00f3n<\/strong><\/p>\n\n\n\n<p>Carolina Casta\u00f1o, Universidad EIA, Colombia<\/p>\n","protected":false},"excerpt":{"rendered":"<p>Descripci\u00f3n En esta jornada se presentar\u00e1n iniciativas y proyectos sobre Aportes de ingenier\u00eda que contribuyan al mejoramiento de la salud y la calidad de vida. Motivaci\u00f3n El mundo cada vez m\u00e1s exige la conexi\u00f3n entre la tecnolog\u00eda y la salud para atender las cada vez m\u00e1s complejas situaciones que se presentan en salud, como tambi\u00e9n [&hellip;]<\/p>\n","protected":false},"author":1,"featured_media":0,"parent":636,"menu_order":0,"comment_status":"closed","ping_status":"closed","template":"","meta":[],"_links":{"self":[{"href":"https:\/\/www.acofi.edu.co\/eiei2020\/wp-json\/wp\/v2\/pages\/642"}],"collection":[{"href":"https:\/\/www.acofi.edu.co\/eiei2020\/wp-json\/wp\/v2\/pages"}],"about":[{"href":"https:\/\/www.acofi.edu.co\/eiei2020\/wp-json\/wp\/v2\/types\/page"}],"author":[{"embeddable":true,"href":"https:\/\/www.acofi.edu.co\/eiei2020\/wp-json\/wp\/v2\/users\/1"}],"replies":[{"embeddable":true,"href":"https:\/\/www.acofi.edu.co\/eiei2020\/wp-json\/wp\/v2\/comments?post=642"}],"version-history":[{"count":9,"href":"https:\/\/www.acofi.edu.co\/eiei2020\/wp-json\/wp\/v2\/pages\/642\/revisions"}],"predecessor-version":[{"id":663,"href":"https:\/\/www.acofi.edu.co\/eiei2020\/wp-json\/wp\/v2\/pages\/642\/revisions\/663"}],"up":[{"embeddable":true,"href":"https:\/\/www.acofi.edu.co\/eiei2020\/wp-json\/wp\/v2\/pages\/636"}],"wp:attachment":[{"href":"https:\/\/www.acofi.edu.co\/eiei2020\/wp-json\/wp\/v2\/media?parent=642"}],"curies":[{"name":"wp","href":"https:\/\/api.w.org\/{rel}","templated":true}]}}