{"id":638,"date":"2020-08-27T19:43:08","date_gmt":"2020-08-27T19:43:08","guid":{"rendered":"https:\/\/www.acofi.edu.co\/eiei2020\/?page_id=638"},"modified":"2020-09-15T12:31:24","modified_gmt":"2020-09-15T12:31:24","slug":"eficiencia-energetica","status":"publish","type":"page","link":"https:\/\/www.acofi.edu.co\/eiei2020\/avances-en-investigacion\/eficiencia-energetica\/","title":{"rendered":"Eficiencia Energ\u00e9tica"},"content":{"rendered":"\n<p><strong>Descripci\u00f3n<\/strong><\/p>\n\n\n\n<p>En esta jornada se presentar\u00e1n soluciones de ingenier\u00eda para la generaci\u00f3n y apropiaci\u00f3n de tecnolog\u00edas y h\u00e1bitos de consumo, que optimicen el manejo y uso de los diferentes tipos de energ\u00eda.<\/p>\n\n\n\n<p><strong>Motivaci\u00f3n<\/strong><\/p>\n\n\n\n<p><em>Todos y cada uno de los pa\u00edses se enfrentan a la necesidad de considerar, y a veces realizar, concesiones dif\u00edciles entre tres objetivos: la seguridad energ\u00e9tica, la asequibilidad y la sostenibilidad ambiental. Por ejemplo, la elecci\u00f3n entre los diversos combustibles implica compromisos entre estas tres dimensiones, como ocurre en Jap\u00f3n y otros pa\u00edses, donde la reducci\u00f3n de la energ\u00eda nuclear se ha reflejado en el aumento de otros combustibles, con otras caracter\u00edsticas y, por consiguiente, con repercusiones para el costo total de la energ\u00eda y las emisiones de gases de efecto invernadero. De forma similar puede haber compromisos entre la seguridad energ\u00e9tica y los costos si una gran dependencia de las importaciones de energ\u00eda de una sola fuente ofrece un costo inferior pero mayores riesgos de interrupci\u00f3n del suministro que una opci\u00f3n m\u00e1s diversificada de importaciones de energ\u00eda y producci\u00f3n nacional.<\/em><\/p>\n\n\n\n<p>\u2026 Al examinar las experiencias de los distintos pa\u00edses a nivel mundial, se plantean cinco preguntas clave:<\/p>\n\n\n\n<ul><li><em>Actualmente unos 1.300 millones de personas no tienen acceso a la energ\u00eda moderna. \u00bfPodemos conectarlas?<\/em><\/li><li><em>\u00bfPodemos usar la energ\u00eda de forma m\u00e1s eficiente y reducir considerablemente la relaci\u00f3n entre energ\u00eda y PIB?<\/em><\/li><li><em>La mayor parte de la energ\u00eda del mundo procede a\u00fan de la combusti\u00f3n de carb\u00f3n. \u00bfPodemos reducir sustancialmente las emisiones de carbono?<\/em><\/li><li><em>\u00bfPodemos optimizar los recursos creando redes el\u00e9ctricas regionales?<\/em><\/li><li><em>\u00bfPodemos mantener el costo de la energ\u00eda a un nivel suficientemente bajo para lograr un crecimiento econ\u00f3mico sostenible? <a href=\"#_ftn1\"><strong>[1]<\/strong><\/a><\/em><\/li><\/ul>\n\n\n\n<p>Esta referencia muestra la gran necesidad de buscar la eficiencia energ\u00e9tica en beneficio de todos. La ingenier\u00eda tiene un papel fundamental para lograrlo y es parte de lo que se va a presentar en esta jornada.<\/p>\n\n\n\n<p><strong>Agenda<\/strong><\/p>\n\n\n\n<figure class=\"wp-block-image size-large is-resized\"><img decoding=\"async\" src=\"https:\/\/www.acofi.edu.co\/eiei2020\/wp-content\/uploads\/2020\/09\/AI-ENERGIA-AGENDA2-1024x316.jpg\" alt=\"\" class=\"wp-image-918\" width=\"700\" srcset=\"https:\/\/www.acofi.edu.co\/eiei2020\/wp-content\/uploads\/2020\/09\/AI-ENERGIA-AGENDA2-1024x316.jpg 1024w, https:\/\/www.acofi.edu.co\/eiei2020\/wp-content\/uploads\/2020\/09\/AI-ENERGIA-AGENDA2-300x92.jpg 300w, https:\/\/www.acofi.edu.co\/eiei2020\/wp-content\/uploads\/2020\/09\/AI-ENERGIA-AGENDA2-768x237.jpg 768w, https:\/\/www.acofi.edu.co\/eiei2020\/wp-content\/uploads\/2020\/09\/AI-ENERGIA-AGENDA2.jpg 1084w\" sizes=\"(max-width: 1024px) 100vw, 1024px\" \/><\/figure>\n\n\n\n<p><strong>Metodolog\u00eda<\/strong><\/p>\n\n\n\n<p>El moderador realizar\u00e1 una breve introducci\u00f3n, presentando con base en su experiencia aspectos que considere relevantes alrededor de la eficiencia energ\u00e9tica.<\/p>\n\n\n\n<p>Se realizar\u00e1 una intervenci\u00f3n a cargo de Ecopetrol. Una vez concluya, se presentar\u00e1n los trabajos.<\/p>\n\n\n\n<p>Al finalizar el moderador presentar\u00e1 las conclusiones de la jornada.<\/p>\n\n\n\n<p><strong>Avances en investigaci\u00f3n<\/strong><\/p>\n\n\n\n<figure class=\"wp-block-image size-large is-resized\"><img decoding=\"async\" src=\"https:\/\/www.acofi.edu.co\/eiei2020\/wp-content\/uploads\/2020\/08\/AI-ENERGIA-TRABAJOS-1024x533.jpg\" alt=\"\" class=\"wp-image-726\" width=\"700\" srcset=\"https:\/\/www.acofi.edu.co\/eiei2020\/wp-content\/uploads\/2020\/08\/AI-ENERGIA-TRABAJOS-1024x533.jpg 1024w, https:\/\/www.acofi.edu.co\/eiei2020\/wp-content\/uploads\/2020\/08\/AI-ENERGIA-TRABAJOS-300x156.jpg 300w, https:\/\/www.acofi.edu.co\/eiei2020\/wp-content\/uploads\/2020\/08\/AI-ENERGIA-TRABAJOS-768x399.jpg 768w, https:\/\/www.acofi.edu.co\/eiei2020\/wp-content\/uploads\/2020\/08\/AI-ENERGIA-TRABAJOS-1536x799.jpg 1536w, https:\/\/www.acofi.edu.co\/eiei2020\/wp-content\/uploads\/2020\/08\/AI-ENERGIA-TRABAJOS.jpg 1611w\" sizes=\"(max-width: 1024px) 100vw, 1024px\" \/><\/figure>\n\n\n\n<p><strong>Aspectos log\u00edsticos<\/strong><\/p>\n\n\n\n<ul><li>Fecha y horario: martes 15 de septiembre de 2020, 09:00 \u2013 12:00 horas COT.<\/li><li>Idioma: espa\u00f1ol.<\/li><li>N\u00famero de participantes: 70.<\/li><li>Datos de conexi\u00f3n: <\/li><li>Se solicita a quienes tengan presentaciones, utilicen un n\u00famero adecuado de diapositivas, dado que el tiempo de exposici\u00f3n ser\u00e1 de m\u00e1ximo 12 minutos y tres minutos para comentarios y preguntas.<\/li><\/ul>\n\n\n\n<p><strong>Coordinaci\u00f3n<\/strong><\/p>\n\n\n\n<ul><li>Johann Farith Pettit, Universidad Industrial de Santander, Colombia (por confirmar)<\/li><\/ul>\n\n\n\n<hr class=\"wp-block-separator\"\/>\n\n\n\n<p><a href=\"#_ftnref1\">[1]<\/a> Adaptado de: <a href=\"https:\/\/es.weforum.org\/agenda\/2014\/12\/cinco-retos-energeticos-que-el-mundo-debe-afrontar\/\">https:\/\/es.weforum.org\/agenda\/2014\/12\/cinco-retos-energeticos-que-el-mundo-debe-afrontar\/<\/a><\/p>\n","protected":false},"excerpt":{"rendered":"<p>Descripci\u00f3n En esta jornada se presentar\u00e1n soluciones de ingenier\u00eda para la generaci\u00f3n y apropiaci\u00f3n de tecnolog\u00edas y h\u00e1bitos de consumo, que optimicen el manejo y uso de los diferentes tipos de energ\u00eda. Motivaci\u00f3n Todos y cada uno de los pa\u00edses se enfrentan a la necesidad de considerar, y a veces realizar, concesiones dif\u00edciles entre tres [&hellip;]<\/p>\n","protected":false},"author":1,"featured_media":0,"parent":636,"menu_order":0,"comment_status":"closed","ping_status":"closed","template":"","meta":[],"_links":{"self":[{"href":"https:\/\/www.acofi.edu.co\/eiei2020\/wp-json\/wp\/v2\/pages\/638"}],"collection":[{"href":"https:\/\/www.acofi.edu.co\/eiei2020\/wp-json\/wp\/v2\/pages"}],"about":[{"href":"https:\/\/www.acofi.edu.co\/eiei2020\/wp-json\/wp\/v2\/types\/page"}],"author":[{"embeddable":true,"href":"https:\/\/www.acofi.edu.co\/eiei2020\/wp-json\/wp\/v2\/users\/1"}],"replies":[{"embeddable":true,"href":"https:\/\/www.acofi.edu.co\/eiei2020\/wp-json\/wp\/v2\/comments?post=638"}],"version-history":[{"count":5,"href":"https:\/\/www.acofi.edu.co\/eiei2020\/wp-json\/wp\/v2\/pages\/638\/revisions"}],"predecessor-version":[{"id":919,"href":"https:\/\/www.acofi.edu.co\/eiei2020\/wp-json\/wp\/v2\/pages\/638\/revisions\/919"}],"up":[{"embeddable":true,"href":"https:\/\/www.acofi.edu.co\/eiei2020\/wp-json\/wp\/v2\/pages\/636"}],"wp:attachment":[{"href":"https:\/\/www.acofi.edu.co\/eiei2020\/wp-json\/wp\/v2\/media?parent=638"}],"curies":[{"name":"wp","href":"https:\/\/api.w.org\/{rel}","templated":true}]}}