{"id":41,"date":"2019-11-30T17:29:15","date_gmt":"2019-11-30T17:29:15","guid":{"rendered":"http:\/\/www.acofi.edu.co\/eiei2020\/?page_id=41"},"modified":"2020-01-13T17:12:34","modified_gmt":"2020-01-13T17:12:34","slug":"comite-organizador","status":"publish","type":"page","link":"https:\/\/www.acofi.edu.co\/eiei2020\/informacion-general\/comite-organizador\/","title":{"rendered":"Comit\u00e9 organizador"},"content":{"rendered":"\n<div class=\"wp-block-columns is-layout-flex wp-container-3\">\n<div class=\"wp-block-column is-layout-flow\">\n<div class=\"wp-block-image\"><figure class=\"aligncenter size-large\"><img decoding=\"async\" loading=\"lazy\" width=\"125\" height=\"154\" src=\"https:\/\/www.acofi.edu.co\/eiei2020\/wp-content\/uploads\/2020\/01\/Luis-Alberto-Gonz\u00e1lez-Araujo_2.jpg\" alt=\"\" class=\"wp-image-161\"\/><\/figure><\/div>\n\n\n\n<h5 class=\"has-very-dark-gray-color has-text-color has-text-align-center wp-block-heading\">Luis Alberto Gonz\u00e1lez Araujo<br><strong>Director Ejecutivo ACOFI<br><\/strong><a href=\"mailto:director@acofi.edu.co\">director@acofi.edu.co<\/a><\/h5>\n<\/div>\n\n\n\n<div class=\"wp-block-column is-layout-flow\">\n<div class=\"wp-block-image\"><figure class=\"aligncenter size-large is-resized\"><img decoding=\"async\" loading=\"lazy\" src=\"https:\/\/www.acofi.edu.co\/eiei2020\/wp-content\/uploads\/2020\/01\/lozano.jpg\" alt=\"\" class=\"wp-image-176\" width=\"118\" height=\"132\"\/><\/figure><\/div>\n\n\n\n<h5 class=\"has-very-dark-gray-color has-text-color has-text-align-center wp-block-heading\">Carlos Arturo Lozano Moncada<br><strong>Presidente ACOFI<br><\/strong><a href=\"mailto:presidencia@acofi.edu.co\">presidencia@acofi.edu.co<\/a><\/h5>\n<\/div>\n<\/div>\n\n\n\n<div class=\"wp-block-columns is-layout-flex wp-container-7\">\n<div class=\"wp-block-column is-layout-flow\">\n<div class=\"wp-block-image\"><figure class=\"aligncenter size-large\"><img decoding=\"async\" loading=\"lazy\" width=\"125\" height=\"166\" src=\"https:\/\/www.acofi.edu.co\/eiei2020\/wp-content\/uploads\/2020\/01\/Jos\u00e9-Miguel-Solano-Araujo_3.jpg\" alt=\"\" class=\"wp-image-165\"\/><\/figure><\/div>\n\n\n\n<h5 class=\"has-very-dark-gray-color has-text-color has-text-align-center wp-block-heading\">Jos\u00e9 Miguel Solano Araujo<br><strong>Coordinador General EIEI ACOFI<\/strong><br><a href=\"mailto:jsolano@acofi.edu.co\">jsolano@acofi.edu.co<\/a><\/h5>\n<\/div>\n\n\n\n<div class=\"wp-block-column is-layout-flow\">\n<div class=\"wp-block-image\"><figure class=\"aligncenter size-large is-resized\"><img decoding=\"async\" loading=\"lazy\" src=\"https:\/\/www.acofi.edu.co\/eiei2020\/wp-content\/uploads\/2020\/01\/Janeth-Jert-Pineda-Molina_3.jpg\" alt=\"\" class=\"wp-image-166\" width=\"115\" height=\"153\"\/><\/figure><\/div>\n\n\n\n<h5 class=\"has-very-dark-gray-color has-text-color has-text-align-center wp-block-heading\">Janneth Pineda Molina<br><strong>Inscripciones y facturaci\u00f3n<br><\/strong><a href=\"mailto:administrativa@acofi.edu.co\">administrativa@acofi.edu.co<\/a><\/h5>\n<\/div>\n\n\n\n<div class=\"wp-block-column is-layout-flow\">\n<div class=\"wp-block-image\"><figure class=\"aligncenter size-large is-resized\"><img decoding=\"async\" src=\"https:\/\/www.acofi.edu.co\/eiei2020\/wp-content\/uploads\/2020\/01\/Sim\u00f3n-Andr\u00e9s-De-Le\u00f3n-Novoa_3.jpg\" alt=\"\" class=\"wp-image-167\" height=\"166\"\/><\/figure><\/div>\n\n\n\n<h5 class=\"has-very-dark-gray-color has-text-color has-text-align-center wp-block-heading\">Sim\u00f3n Andr\u00e9s De Le\u00f3n<br><strong>Coordinador Talleres<br><\/strong><a href=\"mailto:simondeleon@acofi.edu.co\">simondeleon@acofi.edu.co<\/a><\/h5>\n<\/div>\n<\/div>\n\n\n\n<div class=\"wp-block-columns is-layout-flex wp-container-10\">\n<div class=\"wp-block-column is-layout-flow\">\n<div class=\"wp-block-image\"><figure class=\"aligncenter size-large\"><img decoding=\"async\" loading=\"lazy\" width=\"125\" height=\"169\" src=\"https:\/\/www.acofi.edu.co\/eiei2020\/wp-content\/uploads\/2020\/01\/JennyQ.jpg\" alt=\"\" class=\"wp-image-171\"\/><\/figure><\/div>\n\n\n\n<h5 class=\"has-very-dark-gray-color has-text-color has-text-align-center wp-block-heading\">Jenny A. Quiroga A.<br><strong>Gesti\u00f3n Comercial<br><\/strong><a href=\"mailto:jennyquiroga@acofi.edu.co\">jennyquiroga@acofi.edu.co<\/a><\/h5>\n<\/div>\n\n\n\n<div class=\"wp-block-column is-layout-flow\">\n<div class=\"wp-block-image\"><figure class=\"aligncenter size-large\"><img decoding=\"async\" loading=\"lazy\" width=\"124\" height=\"169\" src=\"https:\/\/www.acofi.edu.co\/eiei2020\/wp-content\/uploads\/2020\/01\/Alix-Beltran.jpg\" alt=\"\" class=\"wp-image-172\"\/><\/figure><\/div>\n\n\n\n<h5 class=\"has-very-dark-gray-color has-text-color has-text-align-center wp-block-heading\">Alix Rubiela Beltr\u00e1n P.<br><strong>Asesora de Comunicaciones<\/strong><br><a href=\"mailto:prensa@acofi.edu.co\">prensa@acofi.edu.co<\/a><\/h5>\n<\/div>\n<\/div>\n","protected":false},"excerpt":{"rendered":"<p>Luis Alberto Gonz\u00e1lez AraujoDirector Ejecutivo ACOFIdirector@acofi.edu.co Carlos Arturo Lozano MoncadaPresidente ACOFIpresidencia@acofi.edu.co Jos\u00e9 Miguel Solano AraujoCoordinador General EIEI ACOFIjsolano@acofi.edu.co Janneth Pineda MolinaInscripciones y facturaci\u00f3nadministrativa@acofi.edu.co Sim\u00f3n Andr\u00e9s De Le\u00f3nCoordinador Talleressimondeleon@acofi.edu.co Jenny A. Quiroga A.Gesti\u00f3n Comercialjennyquiroga@acofi.edu.co Alix Rubiela Beltr\u00e1n P.Asesora de Comunicacionesprensa@acofi.edu.co<\/p>\n","protected":false},"author":1,"featured_media":0,"parent":15,"menu_order":0,"comment_status":"closed","ping_status":"closed","template":"","meta":[],"_links":{"self":[{"href":"https:\/\/www.acofi.edu.co\/eiei2020\/wp-json\/wp\/v2\/pages\/41"}],"collection":[{"href":"https:\/\/www.acofi.edu.co\/eiei2020\/wp-json\/wp\/v2\/pages"}],"about":[{"href":"https:\/\/www.acofi.edu.co\/eiei2020\/wp-json\/wp\/v2\/types\/page"}],"author":[{"embeddable":true,"href":"https:\/\/www.acofi.edu.co\/eiei2020\/wp-json\/wp\/v2\/users\/1"}],"replies":[{"embeddable":true,"href":"https:\/\/www.acofi.edu.co\/eiei2020\/wp-json\/wp\/v2\/comments?post=41"}],"version-history":[{"count":20,"href":"https:\/\/www.acofi.edu.co\/eiei2020\/wp-json\/wp\/v2\/pages\/41\/revisions"}],"predecessor-version":[{"id":187,"href":"https:\/\/www.acofi.edu.co\/eiei2020\/wp-json\/wp\/v2\/pages\/41\/revisions\/187"}],"up":[{"embeddable":true,"href":"https:\/\/www.acofi.edu.co\/eiei2020\/wp-json\/wp\/v2\/pages\/15"}],"wp:attachment":[{"href":"https:\/\/www.acofi.edu.co\/eiei2020\/wp-json\/wp\/v2\/media?parent=41"}],"curies":[{"name":"wp","href":"https:\/\/api.w.org\/{rel}","templated":true}]}}