{"id":32,"date":"2016-02-09T10:50:25","date_gmt":"2016-02-09T15:50:25","guid":{"rendered":"http:\/\/www.acofi.edu.co\/eiei2016\/?page_id=32"},"modified":"2016-09-15T08:10:29","modified_gmt":"2016-09-15T13:10:29","slug":"categorias-de-participacion","status":"publish","type":"page","link":"https:\/\/www.acofi.edu.co\/eiei2016\/categorias-de-participacion\/","title":{"rendered":"Categor\u00edas de Participaci\u00f3n"},"content":{"rendered":"<ol>\n<li style=\"text-align: justify;\"><span style=\"color: #ef4136;\"><strong>Conferencias magistrales<\/strong><\/span> y <strong><span style=\"color: #ef4136;\">di\u00e1logos de pares<\/span><\/strong> sobre la innovaci\u00f3n en ingenier\u00eda vista como un cambio para la competitividad y el desarrollo.<\/li>\n<\/ol>\n<ol style=\"text-align: justify;\" start=\"2\">\n<li><span style=\"color: #ef4136;\"><strong>Trabajos sobre ense\u00f1anza de la ingenier\u00eda<\/strong><\/span>, presentaciones orales de profesores o estudiantes de las facultades, escuelas y programas de ingenier\u00eda e interesados, sobre los ejes tem\u00e1ticos propuestos:<\/li>\n<\/ol>\n<ul style=\"text-align: justify;\">\n<li>Procesos de ense\u00f1anza &#8211; aprendizaje<\/li>\n<li>Desarrollo curricular<\/li>\n<li>Evaluaci\u00f3n de la ense\u00f1anza en el aula<\/li>\n<li>Calidad y acreditaci\u00f3n<\/li>\n<\/ul>\n<ol style=\"text-align: justify;\" start=\"3\">\n<li><strong><span style=\"color: #ef4136;\">Avances en investigaci\u00f3n<\/span><\/strong> desarrollados por universidades o empresas, en las que se muestren experiencias y prospectivas alrededor de los t\u00f3picos propuestos: Energ\u00eda, Materiales, Agua y Tecnolog\u00edas de la informaci\u00f3n, sobre una base de procesos innovadores que contribuyan al cambio.<\/li>\n<\/ol>\n<ol style=\"text-align: justify;\" start=\"4\">\n<li><span style=\"color: #ef4136;\"><strong><a href=\"http:\/\/www.acofi.edu.co\/eiei2016\/reunion-de-estudiantes\/\" target=\"_blank\">Foro de estudiantes de Ingenier\u00eda<\/a><\/strong><\/span> en la que, desde su propia experiencia, aporten elementos para la innovaci\u00f3n.<\/li>\n<\/ol>\n<ol style=\"text-align: justify;\" start=\"5\">\n<li><span style=\"color: #ef4136;\"><strong>Reuni\u00f3n de decanos<\/strong><\/span> de ingenier\u00eda para reflexionar sobre el impacto de la administraci\u00f3n en los procesos de innovaci\u00f3n.<\/li>\n<\/ol>\n<p style=\"text-align: justify;\">Estas cinco posibilidades de participaci\u00f3n har\u00e1n del EIEI ACOFI 2016, un evento de gran importancia para la ense\u00f1anza de la ingenier\u00eda.<\/p>\n<h3 style=\"text-align: justify;\"><span style=\"color: #ef4136;\">Trabajos sobre ense\u00f1anza de la ingenier\u00eda<\/span><\/h3>\n<p style=\"text-align: justify;\">Como ha sido tradici\u00f3n, el EIEI ACOFI 2016, expondr\u00e1 las experiencias de los profesores o estudiantes, a trav\u00e9s de las experiencias innovadoras de aula en los \u00e1mbitos de los ejes tem\u00e1ticos propuestos.<\/p>\n<h4 style=\"text-align: justify;\"><span style=\"color: #fbb040;\">Ejes tem\u00e1ticos<\/span><\/h4>\n<ul>\n<li style=\"text-align: justify;\">Procesos de ense\u00f1anza &#8211; aprendizaje<\/li>\n<li style=\"text-align: justify;\">Desarrollo curricular<\/li>\n<li style=\"text-align: justify;\">Evaluaci\u00f3n de la ense\u00f1anza en el aula<\/li>\n<li style=\"text-align: justify;\">Calidad y acreditaci\u00f3n<\/li>\n<\/ul>\n<h4 style=\"text-align: justify;\"><span style=\"color: #fbb040;\">Metodolog\u00eda<\/span><\/h4>\n<p style=\"text-align: justify;\">Los trabajos presentados ser\u00e1n expuestos \u00fanicamente en forma oral, en los horarios especificados. De acuerdo con el correspondiente eje tem\u00e1tico los trabajos se organizar\u00e1n en grupos de 4 y ser\u00e1n expuestos durante las sesiones paralelas concluyendo con un debate entre los expositores dentro del tiempo disponible.<\/p>\n<p style=\"text-align: justify;\">Los mejores trabajos, seleccionados por los evaluadores, ser\u00e1n los ganadores de los Premios ACOFI 2016.<\/p>\n<h4 style=\"text-align: justify;\"><span style=\"color: #fbb040;\">Dirigida a<\/span><\/h4>\n<ul style=\"text-align: justify;\">\n<li>Directivos, profesores, estudiantes y personal administrativo de las facultades, escuelas o programas de ingenier\u00eda.<\/li>\n<li>Grupos de investigaci\u00f3n, de trabajo o de extensi\u00f3n de facultades, escuelas o programas de ingenier\u00eda.<\/li>\n<li>Representantes del sector empresarial y del gobierno que hayan desarrollado trabajos relacionados con los ejes tem\u00e1ticos.<\/li>\n<\/ul>\n<h4 style=\"text-align: justify;\"><span style=\"color: #fbb040;\">Como enviar su resumen<\/span><\/h4>\n<ul style=\"text-align: justify;\">\n<li>Prepare su resumen (la extensi\u00f3n m\u00e1xima es de 500 palabras)<\/li>\n<li>Despu\u00e9s del 1 de febrero\u00a0de 2016, acceda al sitio web <a href=\"http:\/\/www.acofipapers.org\/\" target=\"_blank\">acofipapers.org<\/a><\/li>\n<li>Reg\u00edstrese en el sistema si a\u00fan no tiene acceso a \u00e9l<\/li>\n<li>Copie y pegue el texto del resumen en el recuadro apropiado (no necesita adjuntar ning\u00fan documento\/archivo en esta etapa)<\/li>\n<li>Es muy importante que todos los autores del trabajo queden inscritos en esta primera etapa, el sistema da la opci\u00f3n de agregar tantos autores como sea necesario<\/li>\n<\/ul>\n<p style=\"text-align: justify;\">*Se recomienda que este proceso lo realice el autor principal del trabajo, pues quien inicia el proceso es el \u00fanico contacto entre ACOFI y el trabajo a presentar.<\/p>\n<h4 style=\"text-align: justify;\"><span style=\"color: #fbb040;\">Res\u00famenes Aceptados<\/span><\/h4>\n<p style=\"text-align: justify;\">Consulte\u00a0aqu\u00ed el listado de res\u00famenes aprobados para el Encuentro<\/p>\n<p style=\"text-align: justify;\"><strong><a href=\"http:\/\/www.acofi.edu.co\/eiei2016\/wp-content\/uploads\/2016\/02\/Listado-de-res\u00famenes-aprobados-web.pdf\" target=\"_blank\" rel=\"\">Res\u00famenes Aprobados<\/a><\/strong><\/p>\n<h4 style=\"text-align: justify;\"><span style=\"color: #fbb040;\">Trabajos Aceptados<\/span><\/h4>\n<p style=\"text-align: justify;\">Consulte\u00a0aqu\u00ed el listado definitivo de trabajos aprobados para el Encuentro<\/p>\n<p style=\"text-align: justify;\"><strong><a href=\"http:\/\/www.acofi.edu.co\/eiei2016\/wp-content\/uploads\/2016\/02\/Listado-de-trabajos-aprobados-web_def.pdf\" rel=\"\">Trabajos Aprobados<\/a><\/strong><\/p>\n<h4 style=\"text-align: justify;\"><span style=\"color: #fbb040;\">Horarios de presentaciones orales<\/span><\/h4>\n<p style=\"text-align: justify;\">Consulte la fecha, la hora y la sala de las presentaciones orales aprobadas para el Encuentro<\/p>\n<p style=\"text-align: justify;\"><strong><a href=\"http:\/\/www.acofi.edu.co\/eiei2016\/wp-content\/uploads\/2016\/09\/Horarios_espanol.pdf\" rel=\"\">Horarios presentaciones orales<\/a><\/strong><\/p>\n<h4 style=\"text-align: justify;\"><span style=\"color: #fbb040;\">Instructivo para la presentaci\u00f3n del trabajo completo<\/span><\/h4>\n<p style=\"text-align: justify;\">Consulte aqu\u00ed el instructivo para la elaboraci\u00f3n y posterior subida a la plataforma del trabajo en extenso. Solicitamos una lectura detalla de este instructivo.<\/p>\n<p style=\"text-align: justify;\"><strong><a href=\"http:\/\/www.acofi.edu.co\/eiei2016\/wp-content\/uploads\/2016\/02\/Instructivo-presentaci\u00f3n-trabajo-completo-2016.pdf\" target=\"_blank\" rel=\"\">Instructivo presentaci\u00f3n trabajo completo<\/a><\/strong><\/p>\n<h4 style=\"text-align: justify;\"><span style=\"color: #fbb040;\">Derechos de autor<\/span><\/h4>\n<p style=\"text-align: justify;\">Todos los trabajos ser\u00e1n compilados en las memorias del Encuentro. Esta publicaci\u00f3n ser\u00e1 realizada por la Asociaci\u00f3n Colombiana de Ingenier\u00eda, ACOFI, dando los cr\u00e9ditos correspondientes a todos los autores. Dicha publicaci\u00f3n no implica ning\u00fan reconocimiento en dinero para los autores.<\/p>\n<p style=\"text-align: justify;\">La responsabilidad del contenido de las ponencias es de los autores, adem\u00e1s, se deber\u00e1 contar con la autorizaci\u00f3n respectiva para la reproducci\u00f3n de cualquier ilustraci\u00f3n, texto, tabla o figura, tomados de otros autores y\/o fuentes. ACOFI no asume responsabilidad por las opiniones expresadas en los documentos publicados. Una vez la ponencia es aceptada, los autores deber\u00e1n suministrar a la Asociaci\u00f3n, su autorizaci\u00f3n de publicaci\u00f3n por escrito (ver formato).<\/p>\n<p style=\"text-align: justify;\"><strong><a href=\"http:\/\/www.acofi.edu.co\/eiei2016\/wp-content\/uploads\/2016\/02\/Carta-de-derechos-2016.docx\" target=\"_blank\" rel=\"\">Formato Carta de derechos<\/a><\/strong><\/p>\n<h4 style=\"text-align: justify;\"><span style=\"color: #fbb040;\">Fechas importantes<\/span><\/h4>\n<ul>\n<li style=\"text-align: justify;\">1 de febrero de 2016: El sistema se abre para la presentaci\u00f3n de res\u00famenes.<\/li>\n<li style=\"text-align: justify;\">10 de mayo de 2016: Fecha l\u00edmite para la presentaci\u00f3n de res\u00famenes.<\/li>\n<li style=\"text-align: justify;\">31 de mayo de 2016: Publicaci\u00f3n de res\u00famenes aceptados y rechazados.<\/li>\n<li style=\"text-align: justify;\">27 de junio de 2016: Fecha l\u00edmite para la presentaci\u00f3n del trabajo completo.<\/li>\n<li style=\"text-align: justify;\">8 de agosto de 2016: Fecha l\u00edmite para el registro de los autores.<\/li>\n<\/ul>\n<h3 style=\"text-align: justify;\"><span style=\"color: #ef4136;\">Avances en investigaci\u00f3n<\/span><\/h3>\n<p style=\"text-align: justify;\">En el marco del EIEI ACOFI 2016, se abordar\u00e1n los siguientes t\u00f3picos de inter\u00e9s de ingenier\u00eda, en los que se reflexionar\u00e1 y expondr\u00e1n experiencias de la universidad y de la empresa, con propuestas presentadas desde la innovaci\u00f3n:<\/p>\n<ul style=\"text-align: justify;\">\n<li>Energ\u00eda<\/li>\n<li>Materiales<\/li>\n<li>Agua<\/li>\n<li>Tecnolog\u00edas de la informaci\u00f3n<strong>\u00a0<\/strong><\/li>\n<\/ul>\n<h4 style=\"text-align: justify;\"><span style=\"color: #fbb040;\">Metodolog\u00eda<\/span><\/h4>\n<p style=\"text-align: justify;\">Cada t\u00f3pico ser\u00e1 abordado de la siguiente manera:<strong>\u00a0<\/strong><\/p>\n<p style=\"text-align: justify;\">Martes 4 de octubre de 2016. Cada t\u00f3pico tendr\u00e1 un taller en el que se socializar\u00e1n las experiencias de investigaci\u00f3n que sean aprobadas por el comit\u00e9 organizador y se realizar\u00e1 un debate sobre el t\u00f3pico propuesto y las experiencias presentadas. Esta socializaci\u00f3n se har\u00e1 de manera oral.<\/p>\n<p style=\"text-align: justify;\">Mi\u00e9rcoles 5 de octubre y jueves 6 de octubre. De acuerdo con la agenda definitiva, dos de los t\u00f3picos realizar\u00e1n un Panel por d\u00eda, en el que se reflexionar\u00e1 con la participaci\u00f3n de expertos de la academia y las empresas.<\/p>\n<h4 style=\"text-align: justify;\"><span style=\"color: #fbb040;\">Criterios de participaci\u00f3n<\/span><\/h4>\n<p style=\"text-align: justify;\">Cada experiencia de investigaci\u00f3n debe enviar al correo electr\u00f3nico <a href=\"mailto:eiei@acofi.edu.co\" target=\"_blank\">eiei@acofi.edu.co<\/a> un informe de m\u00e1ximo cinco (5) p\u00e1ginas de acuerdo con el tema propuesto, en formato Microsoft Word, el cual contenga los aspectos que considere m\u00e1s relevantes, sobre la investigaci\u00f3n propuesta. Debe especificar el t\u00f3pico al cual pertenece, mencionar en que categor\u00eda de investigaci\u00f3n se encuentra e incluir los nombres y las instituciones de todas las personas que hacen parte de la investigaci\u00f3n.<\/p>\n<p style=\"text-align: justify;\">Los trabajos seleccionados ser\u00e1n presentados en el Taller del d\u00eda 4 de octubre y adem\u00e1s ser\u00e1n expuestos en forma de p\u00f3ster en el Centro de Convenciones.<\/p>\n<p style=\"text-align: justify;\">Los criterios de evaluaci\u00f3n que ser\u00e1n tenidos en cuenta, son los siguientes:<\/p>\n<ul style=\"text-align: justify;\">\n<li>Corresponder a una investigaci\u00f3n<\/li>\n<li>Coherencia con uno de los t\u00f3picos propuestos<\/li>\n<li>Tener un componente de innovaci\u00f3n<\/li>\n<li>Tener un contenido relevante<\/li>\n<li>Capacidad de implementaci\u00f3n, planeaci\u00f3n, y alcance<\/li>\n<\/ul>\n<p style=\"text-align: justify;\">A los trabajos seleccionados se les solicitar\u00e1 el dise\u00f1o de un p\u00f3ster que debe cumplir par\u00e1metros de coherencia, factibilidad y posibilidad de implementaci\u00f3n, adem\u00e1s de unas especificaciones prestablecidas que se dar\u00e1n a conocer oportunamente. Los p\u00f3steres ser\u00e1n expuestos durante los d\u00edas 5, 6 y 7 de octubre.<\/p>\n<p style=\"text-align: justify;\">Esta propuesta se encuentra orientada para lograr una mejor interacci\u00f3n y contar con elementos pr\u00e1cticos para los talleres y los paneles.<\/p>\n<h4 style=\"text-align: justify;\"><span style=\"color: #fbb040;\">Dirigida a<\/span><\/h4>\n<ul style=\"text-align: justify;\">\n<li>Directivos, profesores, estudiantes y personal administrativo de las facultades, escuelas o programas de ingenier\u00eda que hagan parte de investigaciones en cada uno de los t\u00f3picos.<\/li>\n<li>Grupos de investigaci\u00f3n de facultades, escuelas o programas de ingenier\u00eda.<\/li>\n<li>Representantes del sector empresarial y del gobierno que est\u00e9n desarrollando investigaciones relacionadas con los t\u00f3picos propuestos.<\/li>\n<\/ul>\n<h4 style=\"text-align: justify;\"><span style=\"color: #fbb040;\">Avances Aceptados<\/span><\/h4>\n<p style=\"text-align: justify;\">Consulte\u00a0aqu\u00ed el listado de avances aprobados para el Encuentro<\/p>\n<p style=\"text-align: justify;\"><strong><a href=\"http:\/\/www.acofi.edu.co\/eiei2016\/wp-content\/uploads\/2016\/02\/Listado-de-trabajos-Avances-web_def.pdf\" rel=\"\">Avances Aprobados<\/a><\/strong><\/p>\n<h4 style=\"text-align: justify;\"><span style=\"color: #fbb040;\">Instructivos y formatos<\/span><\/h4>\n<p style=\"text-align: justify;\">Puede descargar aqu\u00ed los instructivos necesarios para la presentaci\u00f3n del documento en extenso y para la presentaci\u00f3n del p\u00f3ster.<\/p>\n<p style=\"text-align: justify;\"><strong><a href=\"http:\/\/www.acofi.edu.co\/eiei2016\/wp-content\/uploads\/2016\/02\/Instructivo-presentaci\u00f3n-trabajo-completo-2016-Avances.pdf\" target=\"_blank\" rel=\"\">Formato presentaci\u00f3n trabajo completo \u2013 Avances en Investigaci\u00f3n<\/a><\/strong><\/p>\n<p style=\"text-align: justify;\"><strong><a href=\"http:\/\/www.acofi.edu.co\/eiei2016\/wp-content\/uploads\/2016\/02\/Instructivo_posteres_2016.pdf\" target=\"_blank\" rel=\"\">Instructivo para presentaci\u00f3n de p\u00f3steres<\/a><\/strong><\/p>\n<h4 style=\"text-align: justify;\"><span style=\"color: #fbb040;\">Derechos de autor<\/span><\/h4>\n<p style=\"text-align: justify;\">Todos los trabajos ser\u00e1n compilados en las memorias del Encuentro. Esta publicaci\u00f3n ser\u00e1 realizada por la Asociaci\u00f3n Colombiana de Ingenier\u00eda, ACOFI, dando los cr\u00e9ditos correspondientes a todos los autores. Dicha publicaci\u00f3n no implica ning\u00fan reconocimiento en dinero para los autores.<\/p>\n<p style=\"text-align: justify;\">La responsabilidad del contenido de las ponencias es de los autores, adem\u00e1s, se deber\u00e1 contar con la autorizaci\u00f3n respectiva para la reproducci\u00f3n de cualquier ilustraci\u00f3n, texto, tabla o figura, tomados de otros autores y\/o fuentes. ACOFI no asume responsabilidad por las opiniones expresadas en los documentos publicados. Una vez la ponencia es aceptada, los autores deber\u00e1n suministrar a la Asociaci\u00f3n, su autorizaci\u00f3n de publicaci\u00f3n por escrito (ver formato).<\/p>\n<p style=\"text-align: justify;\"><strong><a href=\"http:\/\/www.acofi.edu.co\/eiei2016\/wp-content\/uploads\/2016\/02\/Carta-de-derechos-2016.docx\" target=\"_blank\" rel=\"\">Formato Carta de derechos<\/a><\/strong><\/p>\n<h4 style=\"text-align: justify;\"><span style=\"color: #fbb040;\">Fechas importantes<\/span><\/h4>\n<ul>\n<li style=\"text-align: justify;\">1 de febrero de 2016: La convocatoria\u00a0se abre para la presentaci\u00f3n de los avances de investigaci\u00f3n.<\/li>\n<li style=\"text-align: justify;\">27 de mayo de 2016: Fecha l\u00edmite para la presentaci\u00f3n de los avances de investigaci\u00f3n.<\/li>\n<li style=\"text-align: justify;\">10 de junio de 2016: Publicaci\u00f3n de trabajos aceptados y rechazados.<\/li>\n<li style=\"text-align: justify;\">27 de junio de 2016: Fecha l\u00edmite para la presentaci\u00f3n del documento de avance de investigaci\u00f3n definitivo.<\/li>\n<li style=\"text-align: justify;\">1 de agosto de 2016: Fecha l\u00edmite para el env\u00edo de los p\u00f3steres.<\/li>\n<li style=\"text-align: justify;\">8 de agosto de 2016: Fecha l\u00edmite para el registro de la persona o personas que participar\u00e1n en la presentaci\u00f3n de los avances.<\/li>\n<\/ul>\n<h3 style=\"text-align: justify;\"><span style=\"color: #ef4136;\"><a href=\"http:\/\/www.acofi.edu.co\/eiei2016\/reunion-de-estudiantes\/\" target=\"_blank\">Reuni\u00f3n de estudiantes de ingenier\u00eda<\/a><\/span><\/h3>\n<h3 style=\"text-align: justify;\"><span style=\"color: #ef4136;\">Reuni\u00f3n de decanos de ingenier\u00eda<\/span><\/h3>\n<p style=\"text-align: justify;\">La direcci\u00f3n de las facultades de ingenier\u00eda es una labor cada d\u00eda m\u00e1s compleja, que exige revisar y actualizar su organizaci\u00f3n, renovar su gesti\u00f3n y promover mejores pr\u00e1cticas, manteniendo la calidad.<\/p>\n<p style=\"text-align: justify;\">En el EIEI ACOFI 2016, se dedicar\u00e1 un espacio para que los decanos de las facultades y escuelas de Ingenier\u00eda, participantes, analicen su rol frente a los retos y compromisos que demanda su labor.<\/p>\n","protected":false},"excerpt":{"rendered":"<p>Conferencias magistrales y di\u00e1logos de pares sobre la innovaci\u00f3n en ingenier\u00eda vista como un cambio para la competitividad y el desarrollo. Trabajos sobre ense\u00f1anza de la ingenier\u00eda, presentaciones orales de profesores o estudiantes de las facultades, escuelas y programas de ingenier\u00eda e interesados, sobre los ejes tem\u00e1ticos propuestos: Procesos de ense\u00f1anza &#8211; aprendizaje Desarrollo curricular [&hellip;]<\/p>\n","protected":false},"author":1,"featured_media":0,"parent":0,"menu_order":0,"comment_status":"closed","ping_status":"closed","template":"","meta":[],"_links":{"self":[{"href":"https:\/\/www.acofi.edu.co\/eiei2016\/wp-json\/wp\/v2\/pages\/32"}],"collection":[{"href":"https:\/\/www.acofi.edu.co\/eiei2016\/wp-json\/wp\/v2\/pages"}],"about":[{"href":"https:\/\/www.acofi.edu.co\/eiei2016\/wp-json\/wp\/v2\/types\/page"}],"author":[{"embeddable":true,"href":"https:\/\/www.acofi.edu.co\/eiei2016\/wp-json\/wp\/v2\/users\/1"}],"replies":[{"embeddable":true,"href":"https:\/\/www.acofi.edu.co\/eiei2016\/wp-json\/wp\/v2\/comments?post=32"}],"version-history":[{"count":40,"href":"https:\/\/www.acofi.edu.co\/eiei2016\/wp-json\/wp\/v2\/pages\/32\/revisions"}],"predecessor-version":[{"id":1393,"href":"https:\/\/www.acofi.edu.co\/eiei2016\/wp-json\/wp\/v2\/pages\/32\/revisions\/1393"}],"wp:attachment":[{"href":"https:\/\/www.acofi.edu.co\/eiei2016\/wp-json\/wp\/v2\/media?parent=32"}],"curies":[{"name":"wp","href":"https:\/\/api.w.org\/{rel}","templated":true}]}}