{"id":21,"date":"2017-11-05T15:38:20","date_gmt":"2017-11-05T15:38:20","guid":{"rendered":"http:\/\/www.acofi.edu.co\/eiei2018\/?page_id=21"},"modified":"2018-07-10T14:22:38","modified_gmt":"2018-07-10T14:22:38","slug":"comite-cientifico","status":"publish","type":"page","link":"http:\/\/www.acofi.edu.co\/eiei2018\/informacion-general\/comite-cientifico\/","title":{"rendered":"Comit\u00e9 Cient\u00edfico"},"content":{"rendered":"<p>&nbsp;<\/p>\n<h3>Elvira G\u00f3mez Verjel<\/h3>\n<p>Fundaci\u00f3n Universitaria Tecnol\u00f3gico Comfenalco, Cartagena, Colombia<\/p>\n<h3>Gloria Isabel Bautista<\/h3>\n<p>Universidad Tecnol\u00f3gica de Bol\u00edvar, Cartagena, Colombia<\/p>\n<h3>Lorena Ech\u00e1vez Baquero<\/h3>\n<p>Universidad Piloto de Colombia, Girardot, Colombia<\/p>\n<h3>Mar\u00eda Claudia Bonfante<\/h3>\n<p>Universidad del Sin\u00fa, Cartagena, Colombia<\/p>\n<h3>Jairo Acosta Solano<\/h3>\n<p>Corporaci\u00f3n Universitaria Rafael N\u00fa\u00f1ez, Cartagena, Colombia<\/p>\n<h3>Jairo Enrique Serrano<\/h3>\n<p>Universidad Tecnol\u00f3gica de Bol\u00edvar, Cartagena, Colombia<\/p>\n<p>&nbsp;<\/p>\n<p><strong>Adolfo Le\u00f3n Arenas<\/strong>, Universidad Industrial de Santander, Bucaramanga, Colombia<\/p>\n<p><strong>\u00c1ngela Mar\u00eda Ot\u00e1lvaro<\/strong>, Universidad de La Salle, Bogot\u00e1, Colombia<\/p>\n<p><strong>Armando Mu\u00f1oz Del Castillo<\/strong>, Instituci\u00f3n Universitaria CESMAG, Pasto, Colombia<\/p>\n<p><strong>Blanca Elvira Oviedo Torres<\/strong>, Pontificia Universidad Javeriana, Bogot\u00e1, Colombia<\/p>\n<p><strong>Carlos Rodrigo Ruiz Cruz<\/strong>, Escuela Colombiana de Ingenier\u00eda, Bogot\u00e1, Colombia<\/p>\n<p><strong>Dar\u00edo Mart\u00ednez Leal<\/strong>, Universidad de Ibagu\u00e9, Ibagu\u00e9, Colombia<\/p>\n<p><strong>David Fern\u00e1ndez Mc Cann<\/strong>, Universidad de Antioquia, Medell\u00edn, Colombia<\/p>\n<p><strong>\u00c9dgar Qui\u00f1ones Bola\u00f1os<\/strong>, Universidad de Cartagena, Cartagena, Colombia<\/p>\n<p><strong>\u00c9dgar Serna Montoya<\/strong>, Universidad Aut\u00f3noma Latinoamericana, Medell\u00edn, Colombia<\/p>\n<p><strong>Edna Liliana Peralta<\/strong>, Universidad de la Salle, Bogot\u00e1, Colombia<\/p>\n<p><strong>Ferley Medina Rojas<\/strong>, Universidad Cooperativa de Colombia, Neiva, Colombia<\/p>\n<p><strong>Jader Mu\u00f1oz Ramos<\/strong>, Universidad del Tolima, Ibagu\u00e9, Colombia<\/p>\n<p><strong>Jaime Salazar Contreras<\/strong>, ASIBEI, Bogot\u00e1, Colombia<\/p>\n<p><strong>Javier Jim\u00e9nez Toledo<\/strong>, Instituci\u00f3n Universitaria CESMAG, Pasto, Colombia<\/p>\n<p><strong>John Alexander Alba V\u00e1squez<\/strong>, Universidad de La Sabana, Ch\u00eda, Colombia<\/p>\n<p><strong>Juliana Jaramillo Ospina<\/strong>, Universidad ICESI, Cali, Colombia<\/p>\n<p><strong>Julio C\u00e9sar Ca\u00f1\u00f3n Rodr\u00edguez<\/strong>, Universidad Nacional de Colombia, Bogot\u00e1, Colombia<\/p>\n<p><strong>Leonardo Augusto Quintana Jim\u00e9nez<\/strong>, Pontificia Universidad Javeriana, Bogot\u00e1, Colombia<\/p>\n<p><strong>Lina Mar\u00eda V\u00e9lez Acosta<\/strong>, Universidad Pontificia Bolivariana, Medell\u00edn, Colombia<\/p>\n<p><strong>Luis Miguel Mej\u00eda Giraldo<\/strong>, Universidad La Gran Colombia, Armenia, Colombia<\/p>\n<p><strong>Mar\u00eda Fernanda Serrano<\/strong>, Pontificia Universidad Javeriana, Cali, Colombia<\/p>\n<p><strong>Mar\u00eda Rosalina Gonz\u00e1lez Tirados<\/strong>, Universidad Polit\u00e9cnica de Madrid, Madrid, Espa\u00f1a<\/p>\n<p><strong>Marisol Osorio C\u00e1rdenas<\/strong>, Universidad Pontificia Bolivariana, Medell\u00edn, Colombia<\/p>\n<p><strong>Martha Sof\u00eda Carrillo<\/strong>, Fundaci\u00f3n Universitaria Tecnol\u00f3gico Comfenalco, Cartagena, Colombia<\/p>\n<p><strong>Mauricio M\u00e1rquez Santos<\/strong>, Universidad Aut\u00f3noma del Caribe, Barranquilla, Colombia<\/p>\n<p><strong>Miller G\u00f3mez Mora<\/strong>, Pontificia Universidad Javeriana, Bogot\u00e1, Colombia<\/p>\n<p><strong>Naliny Guerra Prieto<\/strong>, Universidad Central, Bogot\u00e1, Colombia<\/p>\n<p><strong>Nelson Obreg\u00f3n Neira<\/strong>, Pontificia Universidad Javeriana, Bogot\u00e1, Colombia<\/p>\n<p><strong>Odiel Estrada Molina<\/strong>, Universidad de las Ciencias Inform\u00e1ticas, La Habana, Cuba<\/p>\n<p><strong>\u00d3scar Alberto Gallardo P\u00e9rez<\/strong>, Universidad Francisco de Paula Santander, C\u00facuta, Colombia<\/p>\n<p><strong>Piedad Ga\u00f1\u00e1n Rojo<\/strong>, Universidad Pontificia Bolivariana, Medell\u00edn, Colombia<\/p>\n<p><strong>Olga Teresa S\u00e1nchez<\/strong>, Universidad T\u00e9cnica del Norte, Ibarra, Ecuador<\/p>\n<p><strong>Vivian Garc\u00eda<\/strong>, Universidad Santo Tom\u00e1s, Bogot\u00e1, Colombia<\/p>\n","protected":false},"excerpt":{"rendered":"<p>&nbsp; Elvira G\u00f3mez Verjel Fundaci\u00f3n Universitaria Tecnol\u00f3gico Comfenalco, Cartagena, Colombia Gloria Isabel Bautista Universidad Tecnol\u00f3gica de Bol\u00edvar, Cartagena, Colombia Lorena Ech\u00e1vez Baquero Universidad Piloto de Colombia, Girardot, Colombia Mar\u00eda Claudia Bonfante Universidad del Sin\u00fa, Cartagena, Colombia Jairo Acosta Solano Corporaci\u00f3n Universitaria Rafael N\u00fa\u00f1ez, Cartagena, Colombia Jairo Enrique Serrano Universidad Tecnol\u00f3gica de Bol\u00edvar, Cartagena, Colombia &nbsp; [&hellip;]<\/p>\n","protected":false},"author":1,"featured_media":0,"parent":15,"menu_order":0,"comment_status":"closed","ping_status":"closed","template":"","meta":[],"_links":{"self":[{"href":"http:\/\/www.acofi.edu.co\/eiei2018\/wp-json\/wp\/v2\/pages\/21"}],"collection":[{"href":"http:\/\/www.acofi.edu.co\/eiei2018\/wp-json\/wp\/v2\/pages"}],"about":[{"href":"http:\/\/www.acofi.edu.co\/eiei2018\/wp-json\/wp\/v2\/types\/page"}],"author":[{"embeddable":true,"href":"http:\/\/www.acofi.edu.co\/eiei2018\/wp-json\/wp\/v2\/users\/1"}],"replies":[{"embeddable":true,"href":"http:\/\/www.acofi.edu.co\/eiei2018\/wp-json\/wp\/v2\/comments?post=21"}],"version-history":[{"count":26,"href":"http:\/\/www.acofi.edu.co\/eiei2018\/wp-json\/wp\/v2\/pages\/21\/revisions"}],"predecessor-version":[{"id":600,"href":"http:\/\/www.acofi.edu.co\/eiei2018\/wp-json\/wp\/v2\/pages\/21\/revisions\/600"}],"up":[{"embeddable":true,"href":"http:\/\/www.acofi.edu.co\/eiei2018\/wp-json\/wp\/v2\/pages\/15"}],"wp:attachment":[{"href":"http:\/\/www.acofi.edu.co\/eiei2018\/wp-json\/wp\/v2\/media?parent=21"}],"curies":[{"name":"wp","href":"https:\/\/api.w.org\/{rel}","templated":true}]}}